CRAN Package Check Results for Package Ecume

Last updated on 2021-05-06 22:55:18 CEST.

Flavor Version Tinstall Tcheck Ttotal Status Flags
r-devel-linux-x86_64-debian-clang 0.9.1 18.34 318.51 336.85 NOTE
r-devel-linux-x86_64-debian-gcc 0.9.1 13.80 254.99 268.79 NOTE
r-devel-linux-x86_64-fedora-clang 0.9.1 426.81 NOTE
r-devel-linux-x86_64-fedora-gcc 0.9.1 305.77 NOTE
r-devel-windows-ix86+x86_64 0.9.1 41.00 290.00 331.00 NOTE
r-devel-windows-x86_64-gcc10-UCRT 0.9.1 NOTE
r-patched-linux-x86_64 0.9.1 14.17 304.79 318.96 NOTE
r-patched-solaris-x86 0.9.1 492.10 OK
r-release-linux-x86_64 0.9.1 15.97 231.07 247.04 OK
r-release-macos-x86_64 0.9.1 OK
r-release-windows-ix86+x86_64 0.9.1 29.00 337.00 366.00 OK
r-oldrel-macos-x86_64 0.9.1 OK
r-oldrel-windows-ix86+x86_64 0.9.1 32.00 427.00 459.00 OK

Check Details

Version: 0.9.1
Check: LazyData
Result: NOTE
     'LazyData' is specified without a 'data' directory
Flavors: r-devel-linux-x86_64-debian-clang, r-devel-linux-x86_64-debian-gcc, r-devel-linux-x86_64-fedora-clang, r-devel-linux-x86_64-fedora-gcc, r-devel-windows-ix86+x86_64, r-devel-windows-x86_64-gcc10-UCRT, r-patched-linux-x86_64