CRAN Package Check Results for Package EloChoice

Last updated on 2021-07-31 22:53:28 CEST.

Flavor Version Tinstall Tcheck Ttotal Status Flags
r-devel-linux-x86_64-debian-clang 0.29.4 34.71 105.57 140.28 OK
r-devel-linux-x86_64-debian-gcc 0.29.4 23.34 87.57 110.91 OK
r-devel-linux-x86_64-fedora-clang 0.29.4 190.54 NOTE
r-devel-linux-x86_64-fedora-gcc 0.29.4 175.24 OK
r-devel-windows-x86_64 0.29.4 33.00 151.00 184.00 OK
r-devel-windows-x86_64-gcc10-UCRT 0.29.4 OK
r-patched-linux-x86_64 0.29.4 OK
r-patched-solaris-x86 0.29.4 266.10 OK
r-release-linux-x86_64 0.29.4 26.75 101.13 127.88 OK
r-release-macos-arm64 0.29.4 OK
r-release-macos-x86_64 0.29.4 OK
r-release-windows-ix86+x86_64 0.29.4 82.00 173.00 255.00 OK
r-oldrel-macos-x86_64 0.29.4 OK
r-oldrel-windows-ix86+x86_64 0.29.4 57.00 182.00 239.00 OK

Check Details

Version: 0.29.4
Check: Rd cross-references
Result: NOTE
    Undeclared package ‘EloRating’ in Rd xrefs
Flavor: r-devel-linux-x86_64-fedora-clang