CRAN Package Check Results for Package EloRating

Last updated on 2023-12-07 21:55:45 CET.

Flavor Version Tinstall Tcheck Ttotal Status Flags
r-devel-linux-x86_64-debian-clang 0.46.11 75.24 193.67 268.91 OK
r-devel-linux-x86_64-debian-gcc 0.46.11 50.24 145.00 195.24 OK
r-devel-linux-x86_64-fedora-clang 0.46.11 364.09 OK
r-devel-linux-x86_64-fedora-gcc 0.46.11 360.86 OK
r-devel-windows-x86_64 0.46.11 57.00 278.00 335.00 NOTE
r-patched-linux-x86_64 0.46.11 67.87 194.96 262.83 OK
r-release-linux-x86_64 0.46.11 60.76 184.31 245.07 OK
r-release-macos-arm64 0.46.11 101.00 OK
r-release-macos-x86_64 0.46.11 156.00 OK
r-release-windows-x86_64 0.46.11 75.00 225.00 300.00 NOTE
r-oldrel-macos-arm64 0.46.11 101.00 OK
r-oldrel-macos-x86_64 0.46.11 116.00 OK
r-oldrel-windows-x86_64 0.46.11 70.00 209.00 279.00 OK

Check Details

Version: 0.46.11
Check: C++ specification
Result: NOTE Specified C++11: please drop specification unless essential Flavors: r-devel-windows-x86_64, r-release-windows-x86_64