CRAN Package Check Results for Package EloSteepness

Last updated on 2024-02-21 21:49:38 CET.

Flavor Version Tinstall Tcheck Ttotal Status Flags
r-devel-linux-x86_64-debian-clang 0.5.0 NOTE
r-devel-linux-x86_64-debian-gcc 0.5.0 456.41 308.83 765.24 NOTE
r-devel-linux-x86_64-fedora-clang 0.5.0 1073.73 NOTE
r-devel-linux-x86_64-fedora-gcc 0.5.0 1376.61 NOTE
r-devel-windows-x86_64 0.5.0 382.00 354.00 736.00 NOTE
r-patched-linux-x86_64 0.5.0 480.18 410.85 891.03 NOTE
r-release-linux-x86_64 0.5.0 494.59 405.57 900.16 NOTE
r-release-macos-arm64 0.5.0 299.00 NOTE
r-release-macos-x86_64 0.5.0 386.00 NOTE
r-release-windows-x86_64 0.5.0 487.00 436.00 923.00 NOTE
r-oldrel-macos-arm64 0.5.0 298.00 NOTE
r-oldrel-windows-x86_64 0.5.0 447.00 414.00 861.00 NOTE

Check Details

Version: 0.5.0
Check: for GNU extensions in Makefiles
Result: NOTE GNU make is a SystemRequirements. Flavors: r-devel-linux-x86_64-debian-clang, r-devel-linux-x86_64-debian-gcc, r-devel-linux-x86_64-fedora-clang, r-devel-linux-x86_64-fedora-gcc, r-devel-windows-x86_64, r-patched-linux-x86_64, r-release-linux-x86_64, r-release-macos-arm64, r-release-macos-x86_64, r-release-windows-x86_64, r-oldrel-macos-arm64, r-oldrel-windows-x86_64

Version: 0.5.0
Check: installed package size
Result: NOTE installed size is 6.2Mb sub-directories of 1Mb or more: libs 4.9Mb Flavors: r-devel-linux-x86_64-fedora-clang, r-devel-windows-x86_64, r-release-macos-arm64, r-release-macos-x86_64, r-release-windows-x86_64, r-oldrel-macos-arm64, r-oldrel-windows-x86_64