Last updated on 2023-09-24 22:59:37 CEST.
Flavor | Version | Tinstall | Tcheck | Ttotal | Status | Flags |
---|---|---|---|---|---|---|
r-devel-linux-x86_64-debian-clang | 0.5.0 | 544.93 | 396.53 | 941.46 | NOTE | |
r-devel-linux-x86_64-debian-gcc | 0.5.0 | 443.20 | 354.06 | 797.26 | NOTE | |
r-devel-linux-x86_64-fedora-clang | 0.5.0 | 1186.44 | NOTE | |||
r-devel-linux-x86_64-fedora-gcc | 0.5.0 | 1526.86 | NOTE | |||
r-devel-windows-x86_64 | 0.5.0 | 413.00 | 422.00 | 835.00 | NOTE | |
r-patched-linux-x86_64 | 0.5.0 | 414.03 | 433.92 | 847.95 | NOTE | |
r-release-linux-x86_64 | 0.4.7 | 435.03 | 433.69 | 868.72 | NOTE | |
r-release-macos-arm64 | 0.4.7 | 324.00 | NOTE | |||
r-release-macos-x86_64 | 0.5.0 | 386.00 | NOTE | |||
r-release-windows-x86_64 | 0.5.0 | 334.00 | 448.00 | 782.00 | NOTE | |
r-oldrel-macos-arm64 | 0.4.7 | 248.00 | NOTE | |||
r-oldrel-macos-x86_64 | 0.5.0 | 426.00 | NOTE | |||
r-oldrel-windows-x86_64 | 0.5.0 | 330.00 | 450.00 | 780.00 | NOTE |
Version: 0.5.0
Check: for GNU extensions in Makefiles
Result: NOTE
GNU make is a SystemRequirements.
Flavors: r-devel-linux-x86_64-debian-clang, r-devel-linux-x86_64-debian-gcc, r-devel-linux-x86_64-fedora-clang, r-devel-linux-x86_64-fedora-gcc, r-devel-windows-x86_64, r-patched-linux-x86_64, r-release-macos-x86_64, r-release-windows-x86_64, r-oldrel-macos-x86_64, r-oldrel-windows-x86_64
Version: 0.5.0
Check: installed package size
Result: NOTE
installed size is 6.1Mb
sub-directories of 1Mb or more:
libs 4.9Mb
Flavors: r-devel-linux-x86_64-fedora-clang, r-devel-windows-x86_64, r-release-macos-x86_64, r-release-windows-x86_64, r-oldrel-macos-x86_64, r-oldrel-windows-x86_64
Version: 0.4.7
Check: for GNU extensions in Makefiles
Result: NOTE
GNU make is a SystemRequirements.
Flavors: r-release-linux-x86_64, r-release-macos-arm64, r-oldrel-macos-arm64
Version: 0.4.7
Check: installed package size
Result: NOTE
installed size is 62.2Mb
sub-directories of 1Mb or more:
libs 60.9Mb
Flavors: r-release-macos-arm64, r-oldrel-macos-arm64