CRAN Package Check Results for Package EnsembleBase

Last updated on 2021-10-20 23:50:08 CEST.

Flavor Version Tinstall Tcheck Ttotal Status Flags
r-devel-linux-x86_64-debian-clang 1.0.2 11.99 83.77 95.76 OK
r-devel-linux-x86_64-debian-gcc 1.0.2 8.91 65.29 74.20 OK
r-devel-linux-x86_64-fedora-clang 1.0.2 131.00 OK
r-devel-linux-x86_64-fedora-gcc 1.0.2 114.96 OK
r-devel-windows-x86_64 1.0.2 23.00 114.00 137.00 OK
r-devel-windows-x86_64-gcc10-UCRT 1.0.2 ERROR
r-patched-linux-x86_64 1.0.2 11.16 81.32 92.48 OK
r-patched-solaris-x86 1.0.2 182.90 OK
r-release-linux-x86_64 1.0.2 10.64 80.67 91.31 OK
r-release-macos-arm64 1.0.2 OK
r-release-macos-x86_64 1.0.2 OK
r-release-windows-ix86+x86_64 1.0.2 19.00 116.00 135.00 OK
r-oldrel-macos-x86_64 1.0.2 OK
r-oldrel-windows-ix86+x86_64 1.0.2 25.00 114.00 139.00 OK

Check Details

Version: 1.0.2
Check: package dependencies
Result: ERROR
    Package required but not available: 'kknn'
    
    See section 'The DESCRIPTION file' in the 'Writing R Extensions'
    manual.
Flavor: r-devel-windows-x86_64-gcc10-UCRT