Last updated on 2024-03-28 23:01:43 CET.
Flavor | Version | Tinstall | Tcheck | Ttotal | Status | Flags |
---|---|---|---|---|---|---|
r-devel-linux-x86_64-debian-clang | 1.2 | 3.27 | 22.81 | 26.08 | OK | |
r-devel-linux-x86_64-debian-gcc | 1.2 | 2.86 | 17.44 | 20.30 | OK | |
r-devel-linux-x86_64-fedora-clang | 1.2 | 34.44 | NOTE | |||
r-devel-linux-x86_64-fedora-gcc | 1.2 | 35.45 | NOTE | |||
r-devel-windows-x86_64 | 1.2 | 7.00 | 40.00 | 47.00 | OK | |
r-patched-linux-x86_64 | 1.2 | 3.91 | 22.21 | 26.12 | OK | |
r-release-linux-x86_64 | 1.2 | 3.82 | 22.06 | 25.88 | OK | |
r-release-macos-arm64 | 1.2 | 14.00 | OK | |||
r-release-macos-x86_64 | 1.2 | 20.00 | OK | |||
r-release-windows-x86_64 | 1.2 | 8.00 | 42.00 | 50.00 | OK | |
r-oldrel-macos-arm64 | 1.2 | 20.00 | OK | |||
r-oldrel-windows-x86_64 | 1.2 | 9.00 | 46.00 | 55.00 | OK |
Version: 1.2
Check: compiled code
Result: NOTE
File ‘EntropyEstimation/libs/EntropyEstimation.so’:
Found no calls to: ‘R_registerRoutines’, ‘R_useDynamicSymbols’
It is good practice to register native routines and to disable symbol
search.
See ‘Writing portable packages’ in the ‘Writing R Extensions’ manual.
Flavors: r-devel-linux-x86_64-fedora-clang, r-devel-linux-x86_64-fedora-gcc