CRAN Package Check Results for Package EpiCurve

Last updated on 2021-12-07 22:59:29 CET.

Flavor Version Tinstall Tcheck Ttotal Status Flags
r-devel-linux-x86_64-debian-clang 2.4-2 6.31 91.73 98.04 OK
r-devel-linux-x86_64-debian-gcc 2.4-2 4.91 69.31 74.22 OK
r-devel-linux-x86_64-fedora-clang 2.4-2 115.81 NOTE
r-devel-linux-x86_64-fedora-gcc 2.4-2 104.83 NOTE
r-devel-windows-x86_64-new-UL 2.4-2 13.00 181.00 194.00 OK
r-devel-windows-x86_64-new-TK 2.4-2 NOTE
r-devel-windows-x86_64-old 2.4-2 10.00 125.00 135.00 OK
r-patched-linux-x86_64 2.4-2 5.84 82.49 88.33 OK
r-release-linux-x86_64 2.4-2 5.07 81.84 86.91 OK
r-release-macos-arm64 2.4-2 NOTE
r-release-macos-x86_64 2.4-2 NOTE
r-release-windows-ix86+x86_64 2.4-2 10.00 117.00 127.00 OK
r-oldrel-macos-x86_64 2.4-2 NOTE
r-oldrel-windows-ix86+x86_64 2.4-2 15.00 118.00 133.00 OK

Check Details

Version: 2.4-2
Check: dependencies in R code
Result: NOTE
    Namespace in Imports field not imported from: ‘tibble’
     All declared Imports should be used.
Flavors: r-devel-linux-x86_64-fedora-clang, r-devel-linux-x86_64-fedora-gcc, r-devel-windows-x86_64-new-TK, r-release-macos-arm64, r-release-macos-x86_64, r-oldrel-macos-x86_64