Last updated on 2024-03-27 22:57:44 CET.
Flavor | Version | Tinstall | Tcheck | Ttotal | Status | Flags |
---|---|---|---|---|---|---|
r-devel-linux-x86_64-debian-clang | 0.1.1 | 14.53 | 165.64 | 180.17 | OK | |
r-devel-linux-x86_64-debian-gcc | 0.1.1 | 11.75 | 122.62 | 134.37 | OK | |
r-devel-linux-x86_64-fedora-clang | 0.1.1 | 246.41 | NOTE | |||
r-devel-linux-x86_64-fedora-gcc | 0.1.1 | 227.77 | OK | |||
r-devel-windows-x86_64 | 0.1.1 | 15.00 | 129.00 | 144.00 | OK | |
r-patched-linux-x86_64 | 0.1.1 | 17.36 | 158.92 | 176.28 | OK | |
r-release-linux-x86_64 | 0.1.1 | 11.33 | 159.87 | 171.20 | OK | |
r-release-macos-arm64 | 0.1.1 | 73.00 | OK | |||
r-release-macos-x86_64 | 0.1.1 | 146.00 | OK | |||
r-release-windows-x86_64 | 0.1.1 | 20.00 | 163.00 | 183.00 | OK | |
r-oldrel-macos-arm64 | 0.1.1 | 79.00 | OK | |||
r-oldrel-windows-x86_64 | 0.1.1 | 21.00 | 169.00 | 190.00 | OK |
Version: 0.1.1
Check: package dependencies
Result: NOTE
Imports includes 23 non-default packages.
Importing from so many packages makes the package vulnerable to any of
them becoming unavailable. Move as many as possible to Suggests and
use conditionally.
Flavor: r-devel-linux-x86_64-fedora-clang