CRAN Package Check Results for Package EpiModel

Last updated on 2021-06-15 22:53:41 CEST.

Flavor Version Tinstall Tcheck Ttotal Status Flags
r-devel-linux-x86_64-debian-clang 2.0.5 22.93 289.45 312.38 OK
r-devel-linux-x86_64-debian-gcc 2.0.5 0.63 2.21 2.84 ERROR
r-devel-linux-x86_64-fedora-clang 2.0.5 12.93 ERROR
r-devel-linux-x86_64-fedora-gcc 2.0.5 2.63 ERROR
r-devel-windows-x86_64 2.0.5 41.00 344.00 385.00 OK
r-devel-windows-x86_64-gcc10-UCRT 2.0.5 OK
r-patched-linux-x86_64 2.0.5 30.82 267.70 298.52 OK
r-patched-solaris-x86 2.0.5 6.10 ERROR
r-release-linux-x86_64 2.0.5 20.40 271.09 291.49 OK
r-release-macos-arm64 2.0.3 OK
r-release-macos-x86_64 2.0.5 OK
r-release-windows-ix86+x86_64 2.0.5 49.00 557.00 606.00 OK
r-oldrel-macos-x86_64 2.0.5 OK
r-oldrel-windows-ix86+x86_64 2.0.5 52.00 577.00 629.00 OK

Check Details

Version: 2.0.5
Check: package dependencies
Result: ERROR
    Packages required but not available: 'tergm', 'tergmLite'
    
    See section ‘The DESCRIPTION file’ in the ‘Writing R Extensions’
    manual.
Flavors: r-devel-linux-x86_64-debian-gcc, r-patched-solaris-x86

Version: 2.0.5
Check: package dependencies
Result: ERROR
    Package required but not available: ‘tergm’
    
    See section ‘The DESCRIPTION file’ in the ‘Writing R Extensions’
    manual.
Flavors: r-devel-linux-x86_64-fedora-clang, r-devel-linux-x86_64-fedora-gcc