CRAN Package Check Results for Package EquiSurv

Last updated on 2021-06-17 22:54:52 CEST.

Flavor Version Tinstall Tcheck Ttotal Status Flags
r-devel-linux-x86_64-debian-clang 0.1.0 8.01 97.85 105.86 NOTE
r-devel-linux-x86_64-debian-gcc 0.1.0 6.33 74.66 80.99 NOTE
r-devel-linux-x86_64-fedora-clang 0.1.0 138.38 NOTE
r-devel-linux-x86_64-fedora-gcc 0.1.0 126.33 NOTE
r-devel-windows-x86_64 0.1.0 11.00 123.00 134.00 NOTE
r-devel-windows-x86_64-gcc10-UCRT 0.1.0 NOTE
r-patched-linux-x86_64 0.1.0 6.66 96.03 102.69 NOTE
r-patched-solaris-x86 0.1.0 167.40 NOTE
r-release-linux-x86_64 0.1.0 6.73 96.08 102.81 NOTE
r-release-macos-arm64 0.1.0 NOTE
r-release-macos-x86_64 0.1.0 NOTE
r-release-windows-ix86+x86_64 0.1.0 16.00 125.00 141.00 NOTE
r-oldrel-macos-x86_64 0.1.0 OK
r-oldrel-windows-ix86+x86_64 0.1.0 11.00 125.00 136.00 OK

Check Details

Version: 0.1.0
Check: LazyData
Result: NOTE
     'LazyData' is specified without a 'data' directory
Flavors: r-devel-linux-x86_64-debian-clang, r-devel-linux-x86_64-debian-gcc, r-devel-linux-x86_64-fedora-clang, r-devel-linux-x86_64-fedora-gcc, r-devel-windows-x86_64, r-devel-windows-x86_64-gcc10-UCRT, r-patched-linux-x86_64, r-patched-solaris-x86, r-release-linux-x86_64, r-release-macos-arm64, r-release-macos-x86_64, r-release-windows-ix86+x86_64