Last updated on 2023-09-23 23:00:45 CEST.
Flavor | Version | Tinstall | Tcheck | Ttotal | Status | Flags |
---|---|---|---|---|---|---|
r-devel-linux-x86_64-debian-clang | 0.3.1 | 17.31 | 121.68 | 138.99 | NOTE | |
r-devel-linux-x86_64-debian-gcc | 0.3.1 | 12.60 | 104.92 | 117.52 | NOTE | |
r-devel-linux-x86_64-fedora-clang | 0.3.1 | 171.69 | NOTE | |||
r-devel-linux-x86_64-fedora-gcc | 0.3.1 | 163.36 | NOTE | |||
r-devel-windows-x86_64 | 0.3.1 | 14.00 | 95.00 | 109.00 | NOTE | |
r-patched-linux-x86_64 | 0.3.1 | 17.60 | 114.05 | 131.65 | NOTE | |
r-release-linux-x86_64 | 0.3.1 | 11.53 | 114.64 | 126.17 | NOTE | |
r-release-macos-arm64 | 0.3.1 | 45.00 | NOTE | |||
r-release-macos-x86_64 | 0.3.1 | 83.00 | NOTE | |||
r-release-windows-x86_64 | 0.3.1 | 18.00 | 117.00 | 135.00 | NOTE | |
r-oldrel-macos-arm64 | 0.3.1 | 46.00 | NOTE | |||
r-oldrel-macos-x86_64 | 0.3.1 | 75.00 | NOTE | |||
r-oldrel-windows-x86_64 | 0.3.1 | 20.00 | 122.00 | 142.00 | NOTE |
Version: 0.3.1
Check: LazyData
Result: NOTE
'LazyData' is specified without a 'data' directory
Flavors: r-devel-linux-x86_64-debian-clang, r-devel-linux-x86_64-debian-gcc, r-devel-linux-x86_64-fedora-clang, r-devel-linux-x86_64-fedora-gcc, r-devel-windows-x86_64, r-patched-linux-x86_64, r-release-linux-x86_64, r-release-macos-arm64, r-release-macos-x86_64, r-release-windows-x86_64, r-oldrel-macos-arm64, r-oldrel-macos-x86_64, r-oldrel-windows-x86_64