Last updated on 2024-04-18 22:52:39 CEST.
Flavor | Version | Tinstall | Tcheck | Ttotal | Status | Flags |
---|---|---|---|---|---|---|
r-devel-linux-x86_64-debian-clang | 0.9 | 11.76 | 103.33 | 115.09 | NOTE | |
r-devel-linux-x86_64-debian-gcc | 0.9 | 8.51 | 75.79 | 84.30 | NOTE | |
r-devel-linux-x86_64-fedora-clang | 0.9 | 142.96 | NOTE | |||
r-devel-linux-x86_64-fedora-gcc | 0.9 | 132.80 | NOTE | |||
r-prerel-macos-arm64 | 0.9 | 40.00 | NOTE | |||
r-prerel-windows-x86_64 | 0.9 | 10.00 | 88.00 | 98.00 | NOTE | |
r-patched-linux-x86_64 | 0.9 | 8.15 | 97.30 | 105.45 | NOTE | |
r-release-linux-x86_64 | 0.9 | 7.68 | 99.47 | 107.15 | OK | |
r-release-macos-arm64 | 0.9 | 44.00 | OK | |||
r-release-macos-x86_64 | 0.9 | 64.00 | OK | |||
r-release-windows-x86_64 | 0.9 | 15.00 | 107.00 | 122.00 | OK | |
r-oldrel-macos-arm64 | 0.9 | 42.00 | OK | |||
r-oldrel-windows-x86_64 | 0.9 | 15.00 | 109.00 | 124.00 | OK |
Version: 0.9
Check: Rd files
Result: NOTE
checkRd: (-1) ShapeDist.Rd:18: Lost braces; missing escapes or markup?
18 | Procrustes distance provides a measure of coincidence of two point sets {xi} and {yi}, i=1..N. For this purpose the variance of point deviations is calculated at the optimal superposition of the sets. It allows to characterize the shape proximity of a given simplex to shape of a reference one.
| ^
checkRd: (-1) ShapeDist.Rd:18: Lost braces; missing escapes or markup?
18 | Procrustes distance provides a measure of coincidence of two point sets {xi} and {yi}, i=1..N. For this purpose the variance of point deviations is calculated at the optimal superposition of the sets. It allows to characterize the shape proximity of a given simplex to shape of a reference one.
| ^
Flavors: r-devel-linux-x86_64-debian-clang, r-devel-linux-x86_64-debian-gcc, r-devel-linux-x86_64-fedora-clang, r-devel-linux-x86_64-fedora-gcc, r-prerel-macos-arm64, r-prerel-windows-x86_64, r-patched-linux-x86_64