Last updated on 2024-04-17 22:59:51 CEST.
Flavor | Version | Tinstall | Tcheck | Ttotal | Status | Flags |
---|---|---|---|---|---|---|
r-devel-linux-x86_64-debian-clang | 1.2 | 30.77 | 35.41 | 66.18 | OK | |
r-devel-linux-x86_64-debian-gcc | 1.2 | 21.38 | 27.19 | 48.57 | OK | |
r-devel-linux-x86_64-fedora-clang | 1.2 | 83.04 | OK | |||
r-devel-linux-x86_64-fedora-gcc | 1.2 | 85.61 | OK | |||
r-prerel-macos-arm64 | 1.2 | 27.00 | NOTE | |||
r-prerel-windows-x86_64 | 1.2 | 23.00 | 71.00 | 94.00 | OK | |
r-patched-linux-x86_64 | 1.2 | 29.78 | 34.11 | 63.89 | OK | |
r-release-linux-x86_64 | 1.2 | 28.63 | 34.50 | 63.13 | OK | |
r-release-macos-arm64 | 1.2 | 30.00 | NOTE | |||
r-release-macos-x86_64 | 1.2 | 44.00 | NOTE | |||
r-release-windows-x86_64 | 1.2 | 29.00 | 82.00 | 111.00 | OK | |
r-oldrel-macos-arm64 | 1.2 | 28.00 | NOTE | |||
r-oldrel-windows-x86_64 | 1.2 | 30.00 | 77.00 | 107.00 | OK |
Version: 1.2
Check: installed package size
Result: NOTE
installed size is 5.8Mb
sub-directories of 1Mb or more:
data 3.5Mb
libs 2.2Mb
Flavors: r-prerel-macos-arm64, r-release-macos-arm64, r-release-macos-x86_64, r-oldrel-macos-arm64