CRAN Package Check Results for Package FCPS

Last updated on 2024-02-29 22:58:44 CET.

Flavor Version Tinstall Tcheck Ttotal Status Flags
r-devel-linux-x86_64-debian-clang 1.3.4 11.38 201.97 213.35 OK
r-devel-linux-x86_64-debian-gcc 1.3.4 12.44 145.67 158.11 OK
r-devel-linux-x86_64-fedora-clang 1.3.4 267.60 NOTE
r-devel-linux-x86_64-fedora-gcc 1.3.4 283.97 OK
r-devel-windows-x86_64 1.3.4 14.00 187.00 201.00 NOTE
r-patched-linux-x86_64 1.3.4 16.67 190.91 207.58 OK
r-release-linux-x86_64 1.3.4 12.49 197.06 209.55 OK
r-release-macos-arm64 1.3.4 95.00 NOTE
r-release-macos-x86_64 1.3.4 196.00 NOTE
r-release-windows-x86_64 1.3.4 20.00 236.00 256.00 NOTE
r-oldrel-macos-arm64 1.3.4 85.00 NOTE
r-oldrel-windows-x86_64 1.3.4 20.00 241.00 261.00 NOTE

Check Details

Version: 1.3.4
Check: installed package size
Result: NOTE installed size is 6.9Mb sub-directories of 1Mb or more: data 2.3Mb doc 3.9Mb Flavors: r-devel-linux-x86_64-fedora-clang, r-devel-windows-x86_64, r-release-macos-arm64, r-release-macos-x86_64, r-release-windows-x86_64, r-oldrel-macos-arm64, r-oldrel-windows-x86_64