CRAN Package Check Results for Package FFTrees

Last updated on 2024-06-20 22:50:45 CEST.

Flavor Version Tinstall Tcheck Ttotal Status Flags
r-devel-linux-x86_64-debian-clang 2.0.0 20.84 461.82 482.66 OK
r-devel-linux-x86_64-debian-gcc 2.0.0 20.53 332.76 353.29 OK
r-devel-linux-x86_64-fedora-clang 2.0.0 592.08 OK
r-devel-linux-x86_64-fedora-gcc 2.0.0 582.55 OK
r-devel-windows-x86_64 2.0.0 20.00 341.00 361.00 OK
r-patched-linux-x86_64 2.0.0 26.41 432.13 458.54 OK
r-release-linux-x86_64 2.0.0 17.54 428.04 445.58 OK
r-release-macos-arm64 2.0.0 178.00 OK
r-release-macos-x86_64 2.0.0 243.00 OK
r-release-windows-x86_64 2.0.0 19.00 103.00 122.00 FAIL
r-oldrel-macos-arm64 2.0.0 181.00 OK
r-oldrel-macos-x86_64 2.0.0 410.00 OK
r-oldrel-windows-x86_64 2.0.0 30.00 429.00 459.00 OK

Check Details

Version: 2.0.0
Check: Rd files
Result: WARN Fatal error: couldn't allocate node stack Flavor: r-release-windows-x86_64

Version: 2.0.0
Check: for code/documentation mismatches
Result: WARN Fatal error: couldn't allocate memory for pointer stack Flavor: r-release-windows-x86_64

Version: 2.0.0
Check: Rd \usage sections
Result: NOTE During startup - Warning messages: 1: package 'utils' in options("defaultPackages") was not found 2: In doTryCatch(return(expr), name, parentenv, handler) : restarting interrupted promise evaluation 3: package 'grDevices' in options("defaultPackages") was not found 4: package 'stats' in options("defaultPackages") was not found Error : cannot allocate vector of size 2 Kb Error: unable to load R code in package 'compiler' Execution halted The \usage entries for S3 methods should use the \method markup and not their full name. See chapter 'Writing R documentation files' in the 'Writing R Extensions' manual. Flavor: r-release-windows-x86_64

Version: 2.0.0
Check: data for ASCII and uncompressed saves
Result: FAIL
Flavor: r-release-windows-x86_64