Last updated on 2024-03-28 23:01:44 CET.
Flavor | Version | Tinstall | Tcheck | Ttotal | Status | Flags |
---|---|---|---|---|---|---|
r-devel-linux-x86_64-debian-clang | 0.0.6 | 48.27 | 110.09 | 158.36 | NOTE | |
r-devel-linux-x86_64-debian-gcc | 0.0.6 | 41.09 | 76.75 | 117.84 | NOTE | |
r-devel-linux-x86_64-fedora-clang | 0.0.6 | 210.34 | NOTE | |||
r-devel-linux-x86_64-fedora-gcc | 0.0.6 | 220.75 | NOTE | |||
r-devel-windows-x86_64 | 0.0.6 | 36.00 | 115.00 | 151.00 | NOTE | |
r-patched-linux-x86_64 | 0.0.6 | 48.71 | 112.81 | 161.52 | NOTE | |
r-release-linux-x86_64 | 0.0.6 | 48.29 | 105.60 | 153.89 | NOTE | |
r-release-macos-arm64 | 0.0.6 | 63.00 | NOTE | |||
r-release-macos-x86_64 | 0.0.6 | 102.00 | NOTE | |||
r-release-windows-x86_64 | 0.0.6 | 46.00 | 141.00 | 187.00 | NOTE | |
r-oldrel-macos-arm64 | 0.0.6 | 58.00 | NOTE | |||
r-oldrel-windows-x86_64 | 0.0.6 | 44.00 | 138.00 | 182.00 | NOTE |
Version: 0.0.6
Check: C++ specification
Result: NOTE
Specified C++11: please drop specification unless essential
Flavors: r-devel-linux-x86_64-debian-clang, r-devel-linux-x86_64-debian-gcc, r-devel-linux-x86_64-fedora-clang, r-devel-linux-x86_64-fedora-gcc, r-devel-windows-x86_64, r-patched-linux-x86_64, r-release-linux-x86_64, r-release-macos-arm64, r-release-macos-x86_64, r-release-windows-x86_64
Version: 0.0.6
Check: LazyData
Result: NOTE
'LazyData' is specified without a 'data' directory
Flavors: r-devel-linux-x86_64-debian-clang, r-devel-linux-x86_64-debian-gcc, r-devel-linux-x86_64-fedora-clang, r-devel-linux-x86_64-fedora-gcc, r-devel-windows-x86_64, r-patched-linux-x86_64, r-release-linux-x86_64, r-release-macos-arm64, r-release-macos-x86_64, r-release-windows-x86_64, r-oldrel-macos-arm64, r-oldrel-windows-x86_64
Version: 0.0.6
Check: dependencies in R code
Result: NOTE
Namespaces in Imports field not imported from:
‘MASS’ ‘XML’ ‘gglasso’ ‘methods’
All declared Imports should be used.
Flavors: r-devel-linux-x86_64-fedora-clang, r-devel-linux-x86_64-fedora-gcc
Version: 0.0.6
Check: installed package size
Result: NOTE
installed size is 9.9Mb
sub-directories of 1Mb or more:
libs 9.0Mb
Flavors: r-release-macos-arm64, r-release-macos-x86_64, r-oldrel-macos-arm64