CRAN Package Check Results for Package FORTLS

Last updated on 2021-12-03 22:57:40 CET.

Flavor Version Tinstall Tcheck Ttotal Status Flags
r-devel-linux-x86_64-debian-clang 1.0.6 51.33 90.48 141.81 OK
r-devel-linux-x86_64-debian-gcc 1.0.6 38.44 67.24 105.68 OK
r-devel-linux-x86_64-fedora-clang 1.0.6 212.64 NOTE
r-devel-linux-x86_64-fedora-gcc 1.0.6 194.87 OK
r-devel-windows-x86_64-new-UL 1.0.6 71.00 152.00 223.00 OK
r-devel-windows-x86_64-new-TK 1.0.6 OK
r-devel-windows-x86_64-old 1.0.6 68.00 100.00 168.00 OK
r-patched-linux-x86_64 1.0.6 42.18 85.27 127.45 OK
r-release-linux-x86_64 1.0.6 44.06 84.86 128.92 OK
r-release-macos-arm64 1.0.6 NOTE
r-release-macos-x86_64 1.0.6 NOTE
r-release-windows-ix86+x86_64 1.0.6 121.00 160.00 281.00 OK
r-oldrel-macos-x86_64 1.0.6 NOTE
r-oldrel-windows-ix86+x86_64 1.0.6 101.00 8.00 109.00 ERROR

Check Details

Version: 1.0.6
Check: installed package size
Result: NOTE
     installed size is 8.2Mb
     sub-directories of 1Mb or more:
     data 1.0Mb
     libs 6.6Mb
Flavors: r-devel-linux-x86_64-fedora-clang, r-release-macos-arm64, r-release-macos-x86_64, r-oldrel-macos-x86_64

Version: 1.0.6
Check: whether package can be installed
Result: ERROR
    Installation failed.
Flavor: r-oldrel-windows-ix86+x86_64