Last updated on 2024-04-17 22:59:52 CEST.
Flavor | Version | Tinstall | Tcheck | Ttotal | Status | Flags |
---|---|---|---|---|---|---|
r-devel-linux-x86_64-debian-clang | 0.4-1 | 15.54 | 94.80 | 110.34 | NOTE | |
r-devel-linux-x86_64-debian-gcc | 0.4-1 | 10.11 | 67.53 | 77.64 | NOTE | |
r-devel-linux-x86_64-fedora-clang | 0.4-1 | 129.33 | NOTE | |||
r-devel-linux-x86_64-fedora-gcc | 0.4-1 | 122.93 | NOTE | |||
r-prerel-macos-arm64 | 0.4-1 | 37.00 | NOTE | |||
r-prerel-windows-x86_64 | 0.4-1 | 13.00 | 86.00 | 99.00 | NOTE | |
r-patched-linux-x86_64 | 0.4-1 | 12.00 | 87.30 | 99.30 | NOTE | |
r-release-linux-x86_64 | 0.4-1 | 15.88 | 87.96 | 103.84 | NOTE | |
r-release-macos-arm64 | 0.4-1 | 38.00 | NOTE | |||
r-release-macos-x86_64 | 0.4-1 | 66.00 | NOTE | |||
r-release-windows-x86_64 | 0.4-1 | 17.00 | 101.00 | 118.00 | NOTE | |
r-oldrel-macos-arm64 | 0.4-1 | 36.00 | OK | |||
r-oldrel-windows-x86_64 | 0.4-1 | 19.00 | 102.00 | 121.00 | OK |
Version: 0.4-1
Check: Rd files
Result: NOTE
checkRd: (-1) MultiAsset.Rd:26: Escaped LaTeX specials: \&
Flavors: r-devel-linux-x86_64-debian-clang, r-devel-linux-x86_64-debian-gcc, r-devel-linux-x86_64-fedora-clang, r-devel-linux-x86_64-fedora-gcc, r-prerel-macos-arm64, r-prerel-windows-x86_64, r-patched-linux-x86_64, r-release-linux-x86_64, r-release-macos-arm64, r-release-macos-x86_64, r-release-windows-x86_64