CRAN Package Check Results for Package FREEtree

Last updated on 2021-07-31 22:53:30 CEST.

Flavor Version Tinstall Tcheck Ttotal Status Flags
r-devel-linux-x86_64-debian-clang 0.1.0 28.78 300.02 328.80 OK
r-devel-linux-x86_64-debian-gcc 0.1.0 22.17 227.93 250.10 OK
r-devel-linux-x86_64-fedora-clang 0.1.0 397.72 NOTE
r-devel-linux-x86_64-fedora-gcc 0.1.0 384.20 NOTE
r-devel-windows-x86_64 0.1.0 51.00 321.00 372.00 OK
r-devel-windows-x86_64-gcc10-UCRT 0.1.0 NOTE
r-patched-linux-x86_64 0.1.0 OK
r-patched-solaris-x86 0.1.0 566.40 NOTE
r-release-linux-x86_64 0.1.0 25.79 283.33 309.12 OK
r-release-macos-arm64 0.1.0 ERROR
r-release-macos-x86_64 0.1.0 ERROR
r-release-windows-ix86+x86_64 0.1.0 67.00 320.00 387.00 OK
r-oldrel-macos-x86_64 0.1.0 NOTE
r-oldrel-windows-ix86+x86_64 0.1.0 40.00 285.00 325.00 OK

Check Details

Version: 0.1.0
Check: dependencies in R code
Result: NOTE
    Namespace in Imports field not imported from: ‘MASS’
     All declared Imports should be used.
Flavors: r-devel-linux-x86_64-fedora-clang, r-devel-linux-x86_64-fedora-gcc, r-devel-windows-x86_64-gcc10-UCRT, r-patched-solaris-x86, r-oldrel-macos-x86_64

Version: 0.1.0
Check: package dependencies
Result: ERROR
    Package required but not available: ‘WGCNA’
    
    See section ‘The DESCRIPTION file’ in the ‘Writing R Extensions’
    manual.
Flavors: r-release-macos-arm64, r-release-macos-x86_64