Last updated on 2023-10-04 00:01:47 CEST.
Flavor | Version | Tinstall | Tcheck | Ttotal | Status | Flags |
---|---|---|---|---|---|---|
r-devel-linux-x86_64-debian-clang | 3.4.5 | 118.72 | 193.08 | 311.80 | OK | |
r-devel-linux-x86_64-debian-gcc | 3.4.5 | 92.75 | 137.95 | 230.70 | OK | |
r-devel-linux-x86_64-fedora-clang | 3.4.5 | 423.50 | OK | |||
r-devel-linux-x86_64-fedora-gcc | 3.4.5 | 410.73 | OK | |||
r-devel-windows-x86_64 | 3.4.5 | 89.00 | 166.00 | 255.00 | OK | |
r-patched-linux-x86_64 | 3.4.5 | 105.62 | 184.11 | 289.73 | OK | |
r-release-linux-x86_64 | 3.4.5 | 99.28 | 187.78 | 287.06 | OK | |
r-release-macos-arm64 | 3.4.5 | 97.00 | NOTE | |||
r-release-macos-x86_64 | 3.4.5 | 199.00 | NOTE | |||
r-release-windows-x86_64 | 3.4.5 | 126.00 | 218.00 | 344.00 | OK | |
r-oldrel-macos-arm64 | 3.4.5 | 93.00 | NOTE | |||
r-oldrel-macos-x86_64 | 3.4.5 | 120.00 | NOTE | |||
r-oldrel-windows-x86_64 | 3.4.5 | 116.00 | 203.00 | 319.00 | OK |
Version: 3.4.5
Check: installed package size
Result: NOTE
installed size is 9.1Mb
sub-directories of 1Mb or more:
doc 1.7Mb
libs 6.2Mb
Flavors: r-release-macos-arm64, r-release-macos-x86_64, r-oldrel-macos-arm64, r-oldrel-macos-x86_64
Version: 3.4.5
Check: package dependencies
Result: NOTE
Package suggested but not available for checking: ‘epiR’
Flavor: r-oldrel-macos-x86_64