CRAN Package Check Results for Package FSA

Last updated on 2018-06-24 22:49:20 CEST.

Flavor Version Tinstall Tcheck Ttotal Status Flags
r-devel-linux-x86_64-debian-clang 0.8.20 11.54 127.24 138.78 OK
r-devel-linux-x86_64-debian-gcc 0.8.20 10.24 97.48 107.72 OK
r-devel-linux-x86_64-fedora-clang 0.8.20 165.05 OK
r-devel-linux-x86_64-fedora-gcc 0.8.20 159.34 OK
r-devel-windows-ix86+x86_64 0.8.20 18.00 143.00 161.00 OK
r-patched-linux-x86_64 0.8.20 9.31 121.84 131.15 OK
r-patched-solaris-x86 0.8.20 196.10 NOTE
r-release-linux-x86_64 0.8.20 15.67 121.07 136.74 OK
r-release-windows-ix86+x86_64 0.8.20 26.00 175.00 201.00 OK
r-release-osx-x86_64 0.8.20 OK
r-oldrel-windows-ix86+x86_64 0.8.20 15.00 149.00 164.00 OK
r-oldrel-osx-x86_64 0.8.20 OK

Check Details

Version: 0.8.20
Check: Rd cross-references
Result: NOTE
    Package unavailable to check Rd xrefs: ‘RMark’
Flavor: r-patched-solaris-x86