CRAN Package Check Results for Package FSA

Last updated on 2018-12-09 22:58:26 CET.

Flavor Version Tinstall Tcheck Ttotal Status Flags
r-devel-linux-x86_64-debian-clang 0.8.22 11.29 130.73 142.02 OK
r-devel-linux-x86_64-debian-gcc 0.8.22 11.55 95.59 107.14 OK
r-devel-linux-x86_64-fedora-clang 0.8.22 164.83 OK
r-devel-linux-x86_64-fedora-gcc 0.8.22 165.40 OK
r-devel-windows-ix86+x86_64 0.8.22 24.00 173.00 197.00 OK
r-patched-linux-x86_64 0.8.22 11.17 124.47 135.64 OK
r-patched-solaris-x86 0.8.22 204.70 NOTE
r-release-linux-x86_64 0.8.22 11.22 124.36 135.58 OK
r-release-windows-ix86+x86_64 0.8.22 17.00 130.00 147.00 OK
r-release-osx-x86_64 0.8.22 OK
r-oldrel-windows-ix86+x86_64 0.8.22 7.00 142.00 149.00 OK
r-oldrel-osx-x86_64 0.8.22 OK

Check Details

Version: 0.8.22
Check: Rd cross-references
Result: NOTE
    Package unavailable to check Rd xrefs: ‘RMark’
Flavor: r-patched-solaris-x86