CRAN Package Check Results for Package FSA

Last updated on 2018-09-19 22:49:43 CEST.

Flavor Version Tinstall Tcheck Ttotal Status Flags
r-devel-linux-x86_64-debian-clang 0.8.20 10.16 127.39 137.55 OK
r-devel-linux-x86_64-debian-gcc 0.8.20 10.55 98.85 109.40 OK
r-devel-linux-x86_64-fedora-clang 0.8.20 173.03 OK
r-devel-linux-x86_64-fedora-gcc 0.8.20 165.83 OK
r-devel-windows-ix86+x86_64 0.8.20 17.00 138.00 155.00 OK
r-patched-linux-x86_64 0.8.20 10.98 120.45 131.43 OK
r-patched-solaris-x86 0.8.20 194.30 NOTE
r-release-linux-x86_64 0.8.20 9.89 119.38 129.27 OK
r-release-windows-ix86+x86_64 0.8.20 24.00 136.00 160.00 OK
r-release-osx-x86_64 0.8.20 OK
r-oldrel-windows-ix86+x86_64 0.8.20 9.00 131.00 140.00 OK
r-oldrel-osx-x86_64 0.8.20 OK

Check Details

Version: 0.8.20
Check: Rd cross-references
Result: NOTE
    Package unavailable to check Rd xrefs: ‘RMark’
Flavor: r-patched-solaris-x86