CRAN Package Check Results for Package FSA

Last updated on 2019-03-20 22:47:51 CET.

Flavor Version Tinstall Tcheck Ttotal Status Flags
r-devel-linux-x86_64-debian-clang 0.8.22 12.91 131.21 144.12 OK
r-devel-linux-x86_64-debian-gcc 0.8.22 12.38 95.28 107.66 OK
r-devel-linux-x86_64-fedora-clang 0.8.22 171.81 OK
r-devel-linux-x86_64-fedora-gcc 0.8.22 166.59 OK
r-devel-windows-ix86+x86_64 0.8.22 29.00 172.00 201.00 OK
r-patched-linux-x86_64 0.8.22 11.02 123.63 134.65 OK
r-patched-solaris-x86 0.8.22 208.40 NOTE
r-release-linux-x86_64 0.8.22 11.94 124.16 136.10 OK
r-release-windows-ix86+x86_64 0.8.22 17.00 133.00 150.00 OK
r-release-osx-x86_64 0.8.22 OK
r-oldrel-windows-ix86+x86_64 0.8.22 16.00 206.00 222.00 OK
r-oldrel-osx-x86_64 0.8.22 OK

Check Details

Version: 0.8.22
Check: Rd cross-references
Result: NOTE
    Package unavailable to check Rd xrefs: ‘RMark’
Flavor: r-patched-solaris-x86