Last updated on 2024-04-17 22:59:52 CEST.
Flavor | Version | Tinstall | Tcheck | Ttotal | Status | Flags |
---|---|---|---|---|---|---|
r-devel-linux-x86_64-debian-clang | 0.1.1 | 134.06 | 28.62 | 162.68 | NOTE | |
r-devel-linux-x86_64-debian-gcc | 0.1.1 | 148.10 | 21.78 | 169.88 | NOTE | |
r-devel-linux-x86_64-fedora-clang | 0.1.1 | 249.37 | NOTE | |||
r-devel-linux-x86_64-fedora-gcc | 0.1.1 | 298.36 | NOTE | |||
r-prerel-macos-arm64 | 0.1.1 | 50.00 | NOTE | |||
r-prerel-windows-x86_64 | 0.1.1 | 122.00 | 67.00 | 189.00 | NOTE | |
r-patched-linux-x86_64 | 0.1.1 | 163.47 | 27.54 | 191.01 | NOTE | |
r-release-linux-x86_64 | 0.1.1 | 149.81 | 27.20 | 177.01 | NOTE | |
r-release-macos-arm64 | 0.1.1 | 79.00 | NOTE | |||
r-release-macos-x86_64 | 0.1.1 | 96.00 | NOTE | |||
r-release-windows-x86_64 | 0.1.1 | 426.00 | 74.00 | 500.00 | NOTE | |
r-oldrel-macos-arm64 | 0.1.1 | 74.00 | OK | |||
r-oldrel-windows-x86_64 | 0.1.1 | 144.00 | 70.00 | 214.00 | OK |
Version: 0.1.1
Check: C++ specification
Result: NOTE
Specified C++11: please drop specification unless essential
Flavors: r-devel-linux-x86_64-debian-clang, r-devel-linux-x86_64-debian-gcc, r-devel-linux-x86_64-fedora-clang, r-devel-linux-x86_64-fedora-gcc, r-prerel-macos-arm64, r-prerel-windows-x86_64, r-patched-linux-x86_64, r-release-linux-x86_64, r-release-macos-arm64, r-release-macos-x86_64, r-release-windows-x86_64