Last updated on 2023-10-01 23:03:45 CEST.
Flavor | Version | Tinstall | Tcheck | Ttotal | Status | Flags |
---|---|---|---|---|---|---|
r-devel-linux-x86_64-debian-clang | 2.0.5 | 21.07 | 353.83 | 374.90 | OK | |
r-devel-linux-x86_64-debian-gcc | 2.0.5 | 16.49 | 252.63 | 269.12 | OK | |
r-devel-linux-x86_64-fedora-clang | 2.0.5 | 456.29 | NOTE | |||
r-devel-linux-x86_64-fedora-gcc | 2.0.5 | 457.87 | NOTE | |||
r-devel-windows-x86_64 | 2.0.5 | 18.00 | 254.00 | 272.00 | OK | |
r-patched-linux-x86_64 | 2.0.5 | 17.05 | 333.25 | 350.30 | OK | |
r-release-linux-x86_64 | 2.0.5 | 15.15 | 332.89 | 348.04 | OK | |
r-release-macos-arm64 | 2.0.5 | 120.00 | OK | |||
r-release-macos-x86_64 | 2.0.5 | 212.00 | OK | |||
r-release-windows-x86_64 | 2.0.5 | 26.00 | 336.00 | 362.00 | OK | |
r-oldrel-macos-arm64 | 2.0.5 | 110.00 | NOTE | |||
r-oldrel-macos-x86_64 | 2.0.5 | 175.00 | NOTE | |||
r-oldrel-windows-x86_64 | 2.0.5 | 26.00 | 331.00 | 357.00 | OK |
Version: 2.0.5
Check: dependencies in R code
Result: NOTE
Namespaces in Imports field not imported from:
‘class’ ‘mlbench’ ‘neuralnet’ ‘rpart’
All declared Imports should be used.
Flavors: r-devel-linux-x86_64-fedora-clang, r-devel-linux-x86_64-fedora-gcc, r-oldrel-macos-arm64, r-oldrel-macos-x86_64