Last updated on 2023-09-29 21:53:53 CEST.
Flavor | Version | Tinstall | Tcheck | Ttotal | Status | Flags |
---|---|---|---|---|---|---|
r-devel-linux-x86_64-debian-clang | 2.8 | 41.80 | 271.87 | 313.67 | OK | |
r-devel-linux-x86_64-debian-gcc | 2.8 | 31.84 | 199.64 | 231.48 | OK | |
r-devel-linux-x86_64-fedora-clang | 2.8 | 392.72 | OK | |||
r-devel-linux-x86_64-fedora-gcc | 2.8 | 389.68 | OK | |||
r-devel-windows-x86_64 | 2.8 | 37.00 | 199.00 | 236.00 | OK | |
r-patched-linux-x86_64 | 2.8 | 42.85 | 264.80 | 307.65 | OK | |
r-release-linux-x86_64 | 2.8 | 40.64 | 264.18 | 304.82 | OK | |
r-release-macos-arm64 | 2.8 | 111.00 | OK | |||
r-release-macos-x86_64 | 2.8 | 185.00 | NOTE | |||
r-release-windows-x86_64 | 2.8 | 55.00 | 262.00 | 317.00 | OK | |
r-oldrel-macos-arm64 | 2.8 | 99.00 | OK | |||
r-oldrel-macos-x86_64 | 2.8 | 127.00 | OK | |||
r-oldrel-windows-x86_64 | 2.8 | 51.00 | 253.00 | 304.00 | OK |
Version: 2.8
Check: package dependencies
Result: NOTE
Packages suggested but not available for checking: 'missMDA', 'Factoshiny'
Flavor: r-release-macos-x86_64