CRAN Package Check Results for Package FastCUB

Last updated on 2023-12-03 22:57:06 CET.

Flavor Version Tinstall Tcheck Ttotal Status Flags
r-devel-linux-x86_64-debian-clang 0.0.2 5.33 40.52 45.85 NOTE
r-devel-linux-x86_64-debian-gcc 0.0.2 4.51 31.37 35.88 NOTE
r-devel-linux-x86_64-fedora-clang 0.0.2 58.74 NOTE
r-devel-linux-x86_64-fedora-gcc 0.0.2 55.59 NOTE
r-devel-windows-x86_64 0.0.2 6.00 55.00 61.00 NOTE
r-patched-linux-x86_64 0.0.2 6.05 40.31 46.36 OK
r-release-linux-x86_64 0.0.2 5.19 39.73 44.92 OK
r-release-macos-arm64 0.0.2 24.00 OK
r-release-macos-x86_64 0.0.2 31.00 OK
r-release-windows-x86_64 0.0.2 6.00 59.00 65.00 OK
r-oldrel-macos-arm64 0.0.2 23.00 OK
r-oldrel-macos-x86_64 0.0.2 28.00 OK
r-oldrel-windows-x86_64 0.0.2 8.00 55.00 63.00 OK

Check Details

Version: 0.0.2
Check: Rd \usage sections
Result: NOTE Documented arguments not in \usage in Rd file 'kkk.Rd': ‘Vector’ Functions with \usage entries need to have the appropriate \alias entries, and all their arguments documented. The \usage entries must correspond to syntactically valid R code. See chapter ‘Writing R documentation files’ in the ‘Writing R Extensions’ manual. Flavors: r-devel-linux-x86_64-debian-clang, r-devel-linux-x86_64-debian-gcc, r-devel-linux-x86_64-fedora-clang, r-devel-linux-x86_64-fedora-gcc, r-devel-windows-x86_64