CRAN Package Check Results for Package FastGP

Last updated on 2021-06-19 22:56:28 CEST.

Flavor Version Tinstall Tcheck Ttotal Status Flags
r-devel-linux-x86_64-debian-clang 1.2 52.07 30.78 82.85 OK
r-devel-linux-x86_64-debian-gcc 1.2 31.80 24.84 56.64 OK
r-devel-linux-x86_64-fedora-clang 1.2 118.68 NOTE
r-devel-linux-x86_64-fedora-gcc 1.2 98.13 NOTE
r-devel-windows-x86_64 1.2 57.00 59.00 116.00 OK
r-devel-windows-x86_64-gcc10-UCRT 1.2 OK
r-patched-linux-x86_64 1.2 39.23 30.50 69.73 OK
r-patched-solaris-x86 1.2 100.90 OK
r-release-linux-x86_64 1.2 38.86 30.40 69.26 OK
r-release-macos-arm64 1.2 NOTE
r-release-macos-x86_64 1.2 NOTE
r-release-windows-ix86+x86_64 1.2 110.00 54.00 164.00 OK
r-oldrel-macos-x86_64 1.2 NOTE
r-oldrel-windows-ix86+x86_64 1.2 78.00 71.00 149.00 OK

Check Details

Version: 1.2
Check: installed package size
Result: NOTE
     installed size is 6.4Mb
     sub-directories of 1Mb or more:
     libs 6.0Mb
Flavors: r-devel-linux-x86_64-fedora-clang, r-release-macos-arm64, r-release-macos-x86_64, r-oldrel-macos-x86_64

Version: 1.2
Check: compiled code
Result: NOTE
    File ‘FastGP/libs/FastGP.so’:
     Found no calls to: ‘R_registerRoutines’, ‘R_useDynamicSymbols’
    
    It is good practice to register native routines and to disable symbol
    search.
    
    See ‘Writing portable packages’ in the ‘Writing R Extensions’ manual.
Flavors: r-devel-linux-x86_64-fedora-clang, r-devel-linux-x86_64-fedora-gcc