CRAN Package Check Results for Package FastHCS

Last updated on 2019-09-22 22:46:46 CEST.

Flavor Version Tinstall Tcheck Ttotal Status Flags
r-devel-linux-x86_64-debian-clang 0.0.6 37.51 24.73 62.24 NOTE
r-devel-linux-x86_64-debian-gcc 0.0.6 34.87 21.81 56.68 NOTE
r-devel-linux-x86_64-fedora-clang 0.0.6 87.83 NOTE
r-devel-linux-x86_64-fedora-gcc 0.0.6 91.54 NOTE
r-devel-windows-ix86+x86_64 0.0.6 74.00 79.00 153.00 OK
r-patched-linux-x86_64 0.0.6 36.92 26.40 63.32 NOTE
r-patched-solaris-x86 0.0.6 89.70 OK
r-release-linux-x86_64 0.0.6 37.73 26.29 64.02 NOTE
r-release-windows-ix86+x86_64 0.0.6 78.00 77.00 155.00 OK
r-release-osx-x86_64 0.0.6 NOTE
r-oldrel-windows-ix86+x86_64 0.0.6 53.00 49.00 102.00 OK
r-oldrel-osx-x86_64 0.0.6 NOTE

Check Details

Version: 0.0.6
Check: use of SHLIB_OPENMP_*FLAGS in Makefiles
Result: NOTE
     src/Makevars: SHLIB_OPENMP_CXXFLAGS is included in PKG_LIBS but not in PKG_CXXFLAGS
     src/Makevars: it is not portable to include SHLIB_OPENMP_*' macros in PKG_CPPFLAGS
    Use of these macros is discussed in sect 1.2.1.1 of 'Writing R
    Extensions'. The macros for different languages may differ so the
    matching macro must be used in PKG_CXXFLAGS (etc) and match that used
    in PKG_LIBS (except for Fortran: see the manual).
    PKG_CPPFLAGS is used for both C and C++ code so it is not portable to
    use it for these macros.
Flavors: r-devel-linux-x86_64-debian-clang, r-devel-linux-x86_64-debian-gcc, r-devel-linux-x86_64-fedora-clang, r-devel-linux-x86_64-fedora-gcc, r-patched-linux-x86_64, r-release-linux-x86_64

Version: 0.0.6
Check: installed package size
Result: NOTE
     installed size is 16.7Mb
     sub-directories of 1Mb or more:
     data 1.3Mb
     libs 15.3Mb
Flavors: r-devel-linux-x86_64-fedora-clang, r-release-osx-x86_64, r-oldrel-osx-x86_64