CRAN Package Check Results for Package FastHCS

Last updated on 2020-02-21 22:51:06 CET.

Flavor Version Tinstall Tcheck Ttotal Status Flags
r-devel-linux-x86_64-debian-clang 0.0.6 39.21 27.23 66.44 NOTE
r-devel-linux-x86_64-debian-gcc 0.0.6 32.46 23.53 55.99 NOTE
r-devel-linux-x86_64-fedora-clang 0.0.6 93.16 NOTE
r-devel-linux-x86_64-fedora-gcc 0.0.6 94.85 NOTE
r-devel-windows-ix86+x86_64 0.0.6 54.00 61.00 115.00 OK
r-devel-windows-ix86+x86_64-gcc8 0.0.6 88.00 91.00 179.00 OK
r-patched-linux-x86_64 0.0.6 NOTE
r-patched-solaris-x86 0.0.6 82.50 OK
r-release-linux-x86_64 0.0.6 38.27 26.27 64.54 NOTE
r-release-windows-ix86+x86_64 0.0.6 57.00 63.00 120.00 OK
r-release-osx-x86_64 0.0.6 NOTE
r-oldrel-windows-ix86+x86_64 0.0.6 80.00 58.00 138.00 OK
r-oldrel-osx-x86_64 0.0.6 NOTE

Check Details

Version: 0.0.6
Check: use of SHLIB_OPENMP_*FLAGS in Makefiles
Result: NOTE
     src/Makevars: SHLIB_OPENMP_CXXFLAGS is included in PKG_LIBS but not in PKG_CXXFLAGS
     src/Makevars: it is not portable to include SHLIB_OPENMP_*' macros in PKG_CPPFLAGS
    Use of these macros is discussed in sect 1.2.1.1 of 'Writing R
    Extensions'. The macros for different languages may differ so the
    matching macro must be used in PKG_CXXFLAGS (etc) and match that used
    in PKG_LIBS (except for Fortran: see the manual).
    PKG_CPPFLAGS is used for both C and C++ code so it is not portable to
    use it for these macros.
Flavors: r-devel-linux-x86_64-debian-clang, r-devel-linux-x86_64-debian-gcc, r-devel-linux-x86_64-fedora-clang, r-devel-linux-x86_64-fedora-gcc, r-patched-linux-x86_64, r-release-linux-x86_64

Version: 0.0.6
Check: installed package size
Result: NOTE
     installed size is 16.7Mb
     sub-directories of 1Mb or more:
     data 1.3Mb
     libs 15.3Mb
Flavors: r-devel-linux-x86_64-fedora-clang, r-release-osx-x86_64, r-oldrel-osx-x86_64