Last updated on 2025-01-17 22:50:15 CET.
Flavor | Version | Tinstall | Tcheck | Ttotal | Status | Flags |
---|---|---|---|---|---|---|
r-devel-linux-x86_64-debian-clang | 1.4.2 | 439.07 | 107.00 | 546.07 | OK | |
r-devel-linux-x86_64-debian-gcc | 1.4.2 | 346.11 | 112.55 | 458.66 | OK | |
r-devel-linux-x86_64-fedora-clang | 1.4.2 | 950.19 | OK | |||
r-devel-linux-x86_64-fedora-gcc | 1.4.2 | 1270.17 | OK | |||
r-devel-windows-x86_64 | 1.4.2 | 403.00 | 174.00 | 577.00 | OK | |
r-patched-linux-x86_64 | 1.4.2 | 469.64 | 147.38 | 617.02 | OK | |
r-release-linux-x86_64 | 1.4.2 | 478.60 | 147.75 | 626.35 | OK | |
r-release-macos-arm64 | 1.4.2 | 222.00 | NOTE | |||
r-release-macos-x86_64 | 1.4.2 | 190.00 | NOTE | |||
r-release-windows-x86_64 | 1.4.2 | 400.00 | 168.00 | 568.00 | OK | |
r-oldrel-macos-arm64 | 1.4.2 | 232.00 | NOTE | |||
r-oldrel-macos-x86_64 | 1.4.2 | 246.00 | NOTE | |||
r-oldrel-windows-x86_64 | 1.4.2 | 497.00 | 210.00 | 707.00 | OK |
Version: 1.4.2
Check: installed package size
Result: NOTE
installed size is 50.2Mb
sub-directories of 1Mb or more:
libs 49.8Mb
Flavors: r-release-macos-arm64, r-release-macos-x86_64, r-oldrel-macos-arm64, r-oldrel-macos-x86_64