Last updated on 2023-09-25 22:12:38 CEST.
Flavor | Version | Tinstall | Tcheck | Ttotal | Status | Flags |
---|---|---|---|---|---|---|
r-devel-linux-x86_64-debian-clang | 0.1.3 | 18.30 | 21.96 | 40.26 | NOTE | |
r-devel-linux-x86_64-debian-gcc | 0.1.3 | 19.43 | 19.30 | 38.73 | NOTE | |
r-devel-linux-x86_64-fedora-clang | 0.1.3 | 57.58 | NOTE | |||
r-devel-linux-x86_64-fedora-gcc | 0.1.3 | 62.74 | NOTE | |||
r-devel-windows-x86_64 | 0.1.3 | 18.00 | 59.00 | 77.00 | NOTE | |
r-patched-linux-x86_64 | 0.1.3 | 20.52 | 23.28 | 43.80 | NOTE | |
r-release-linux-x86_64 | 0.1.3 | 22.61 | 23.08 | 45.69 | NOTE | |
r-release-macos-arm64 | 0.1.3 | 27.00 | NOTE | |||
r-release-macos-x86_64 | 0.1.3 | 36.00 | NOTE | |||
r-release-windows-x86_64 | 0.1.3 | 22.00 | 64.00 | 86.00 | NOTE | |
r-oldrel-macos-arm64 | 0.1.3 | 27.00 | NOTE | |||
r-oldrel-macos-x86_64 | 0.1.3 | 33.00 | NOTE | |||
r-oldrel-windows-x86_64 | 0.1.3 | 21.00 | 60.00 | 81.00 | OK |
Version: 0.1.3
Check: C++ specification
Result: NOTE
Specified C++11: please drop specification unless essential
Flavors: r-devel-linux-x86_64-debian-clang, r-devel-linux-x86_64-debian-gcc, r-devel-linux-x86_64-fedora-clang, r-devel-linux-x86_64-fedora-gcc, r-devel-windows-x86_64, r-patched-linux-x86_64, r-release-linux-x86_64, r-release-macos-arm64, r-release-macos-x86_64, r-release-windows-x86_64
Version: 0.1.3
Check: Rd files
Result: NOTE
checkRd: (-1) FastPCS-package.Rd:29: Escaped LaTeX specials: \&
checkRd: (-1) FastPCS.Rd:104: Escaped LaTeX specials: \&
Flavors: r-devel-linux-x86_64-debian-clang, r-devel-linux-x86_64-debian-gcc, r-devel-linux-x86_64-fedora-clang, r-devel-linux-x86_64-fedora-gcc, r-devel-windows-x86_64, r-patched-linux-x86_64, r-release-linux-x86_64, r-release-macos-arm64, r-release-macos-x86_64, r-release-windows-x86_64
Version: 0.1.3
Check: Rd metadata
Result: NOTE
Rd files without \alias:
‘FastPCS-package.Rd’
Flavors: r-devel-linux-x86_64-debian-clang, r-devel-linux-x86_64-debian-gcc, r-devel-linux-x86_64-fedora-clang, r-devel-linux-x86_64-fedora-gcc, r-devel-windows-x86_64
Version: 0.1.3
Check: installed package size
Result: NOTE
installed size is 9.4Mb
sub-directories of 1Mb or more:
libs 9.3Mb
Flavors: r-release-macos-arm64, r-release-macos-x86_64, r-oldrel-macos-arm64, r-oldrel-macos-x86_64