CRAN Package Check Results for Package FeatureHashing

Last updated on 2019-07-16 07:50:45 CEST.

Flavor Version Tinstall Tcheck Ttotal Status Flags
r-devel-linux-x86_64-debian-clang 0.9.1.3 64.21 125.05 189.26 OK
r-devel-linux-x86_64-debian-gcc 0.9.1.3 53.59 108.72 162.31 OK
r-devel-linux-x86_64-fedora-clang 0.9.1.3 264.36 OK
r-devel-linux-x86_64-fedora-gcc 0.9.1.3 254.03 OK
r-devel-windows-ix86+x86_64 0.9.1.3 193.00 260.00 453.00 OK
r-patched-linux-x86_64 0.9.1.3 63.23 137.59 200.82 OK
r-patched-solaris-x86 0.9.1.3 309.50 NOTE
r-release-linux-x86_64 0.9.1.3 62.38 134.27 196.65 OK
r-release-windows-ix86+x86_64 0.9.1.3 143.00 259.00 402.00 OK
r-release-osx-x86_64 0.9.1.3 ERROR
r-oldrel-windows-ix86+x86_64 0.9.1.3 192.00 245.00 437.00 OK
r-oldrel-osx-x86_64 0.9.1.3 ERROR

Check Details

Version: 0.9.1.3
Check: package dependencies
Result: NOTE
    Package suggested but not available for checking: ‘xgboost’
Flavor: r-patched-solaris-x86

Version: 0.9.1.3
Check: tests
Result: ERROR
     Running ‘test-as-dgCMatrix.R’ [3s/6s]
     Running ‘test-empty_array.R’ [3s/7s]
     Running ‘test-existence_collision.R’ [2s/5s]
     Running ‘test-hash.mapping.R’ [3s/6s]
     Running ‘test-hashing.R’ [3s/6s]
    Running the tests in ‘tests/test-hashing.R’ failed.
    Last 13 lines of output:
     + if (class(e)[1] != "std::invalid_argument") stop(e)
     + if (conditionMessage(e) != "Failed to find the column:PlAnT") stop(e)
     + })
     +
     + m <- hashed.model.matrix(~ Plant:Type:Treatment, CO2, create.mapping = TRUE, signed.hash = TRUE)
     + map <- hash.mapping(m)
     + map <- map[grepl("\\w+:\\w+:\\w+", names(map))]
     + checkTrue(all(hashed.interaction.value(names(map)) %% (2^18) + 1== map),
     + "The hashed.interaction.value gives inconsistent result of hashed.model.matrix")
     + }
     Loading required package: RUnit
     Error in .hashed.model.matrix.dataframe(tf, data, hash.size, transpose, :
     c++ exception (unknown reason)
     Calls: tryCatch -> tryCatchList -> tryCatchOne -> <Anonymous>
     Execution halted
Flavor: r-release-osx-x86_64

Version: 0.9.1.3
Check: tests
Result: ERROR
     Running ‘test-as-dgCMatrix.R’ [3s/4s]
     Running ‘test-empty_array.R’ [3s/4s]
     Running ‘test-existence_collision.R’ [2s/4s]
     Running ‘test-hash.mapping.R’ [2s/4s]
     Running ‘test-hashing.R’ [3s/4s]
    Running the tests in ‘tests/test-hashing.R’ failed.
    Last 13 lines of output:
     + if (class(e)[1] != "std::invalid_argument") stop(e)
     + if (conditionMessage(e) != "Failed to find the column:PlAnT") stop(e)
     + })
     +
     + m <- hashed.model.matrix(~ Plant:Type:Treatment, CO2, create.mapping = TRUE, signed.hash = TRUE)
     + map <- hash.mapping(m)
     + map <- map[grepl("\\w+:\\w+:\\w+", names(map))]
     + checkTrue(all(hashed.interaction.value(names(map)) %% (2^18) + 1== map),
     + "The hashed.interaction.value gives inconsistent result of hashed.model.matrix")
     + }
     Loading required package: RUnit
     Error in .hashed.model.matrix.dataframe(tf, data, hash.size, transpose, :
     c++ exception (unknown reason)
     Calls: tryCatch -> tryCatchList -> tryCatchOne -> <Anonymous>
     Execution halted
Flavor: r-oldrel-osx-x86_64