Last updated on 2024-04-23 22:55:22 CEST.
Flavor | Version | Tinstall | Tcheck | Ttotal | Status | Flags |
---|---|---|---|---|---|---|
r-devel-linux-x86_64-debian-clang | 1.0.0 | 16.46 | 149.36 | 165.82 | NOTE | |
r-devel-linux-x86_64-debian-gcc | 1.0.0 | 11.34 | 108.17 | 119.51 | NOTE | |
r-devel-linux-x86_64-fedora-clang | 1.0.0 | 206.49 | NOTE | |||
r-devel-linux-x86_64-fedora-gcc | 1.0.0 | 205.22 | NOTE | |||
r-prerel-macos-arm64 | 1.0.0 | 65.00 | NOTE | |||
r-prerel-windows-x86_64 | 1.0.0 | 13.00 | 118.00 | 131.00 | NOTE | |
r-patched-linux-x86_64 | 1.0.0 | 9.48 | 140.26 | 149.74 | NOTE | |
r-release-linux-x86_64 | 1.0.0 | 9.47 | 141.48 | 150.95 | OK | |
r-release-macos-arm64 | 1.0.0 | 69.00 | OK | |||
r-release-macos-x86_64 | 1.0.0 | 113.00 | OK | |||
r-release-windows-x86_64 | 1.0.0 | 18.00 | 144.00 | 162.00 | OK | |
r-oldrel-macos-arm64 | 1.0.0 | 56.00 | NOTE | |||
r-oldrel-windows-x86_64 | 1.0.0 | 16.00 | 146.00 | 162.00 | OK |
Version: 1.0.0
Check: Rd files
Result: NOTE
checkRd: (-1) mutlicol_terminator.Rd:23: Lost braces in \itemize; \value handles \item{}{} directly
checkRd: (-1) mutlicol_terminator.Rd:24: Lost braces in \itemize; \value handles \item{}{} directly
checkRd: (-1) mutlicol_terminator.Rd:25: Lost braces in \itemize; \value handles \item{}{} directly
checkRd: (-1) mutlicol_terminator.Rd:26: Lost braces in \itemize; \value handles \item{}{} directly
checkRd: (-1) rfeTerminator.Rd:42: Lost braces in \itemize; \value handles \item{}{} directly
checkRd: (-1) rfeTerminator.Rd:43: Lost braces in \itemize; \value handles \item{}{} directly
checkRd: (-1) rfeTerminator.Rd:44: Lost braces in \itemize; \value handles \item{}{} directly
checkRd: (-1) rfeTerminator.Rd:45: Lost braces in \itemize; \value handles \item{}{} directly
Flavors: r-devel-linux-x86_64-debian-clang, r-devel-linux-x86_64-debian-gcc, r-devel-linux-x86_64-fedora-clang, r-devel-linux-x86_64-fedora-gcc, r-prerel-macos-arm64, r-prerel-windows-x86_64, r-patched-linux-x86_64
Version: 1.0.0
Check: dependencies in R code
Result: NOTE
Namespaces in Imports field not imported from:
‘e1071’ ‘lattice’ ‘randomForest’ ‘tibble’ ‘utils’
All declared Imports should be used.
Flavors: r-devel-linux-x86_64-fedora-clang, r-devel-linux-x86_64-fedora-gcc, r-oldrel-macos-arm64