CRAN Package Check Results for Package Fgmutils

Last updated on 2019-09-18 22:52:36 CEST.

Flavor Version Tinstall Tcheck Ttotal Status Flags
r-devel-linux-x86_64-debian-clang 0.9.5 9.55 67.57 77.12 OK
r-devel-linux-x86_64-debian-gcc 0.9.5 7.51 52.90 60.41 OK
r-devel-linux-x86_64-fedora-clang 0.9.5 94.19 OK
r-devel-linux-x86_64-fedora-gcc 0.9.5 91.10 OK
r-devel-windows-ix86+x86_64 0.9.5 41.00 115.00 156.00 OK
r-patched-linux-x86_64 0.9.5 9.45 66.42 75.87 OK
r-patched-solaris-x86 0.9.5 139.90 OK
r-release-linux-x86_64 0.9.5 10.02 66.27 76.29 OK
r-release-windows-ix86+x86_64 0.9.5 20.00 80.00 100.00 OK
r-release-osx-x86_64 0.9.5 FAIL
r-oldrel-windows-ix86+x86_64 0.9.5 10.00 74.00 84.00 WARN
r-oldrel-osx-x86_64 0.9.5 OK

Check Details

Version: 0.9.5
Check: whether package can be installed
Result: FAIL
    
Flavor: r-release-osx-x86_64

Version: 0.9.5
Check: whether package can be installed
Result: WARN
    Found the following significant warnings:
     Warning: S3 methods '[.fun_list', '[.grouped_df', 'all.equal.tbl_df', 'anti_join.data.frame', 'anti_join.tbl_df', 'arrange.data.frame', 'arrange.default', 'arrange.grouped_df', 'arrange.tbl_df', 'arrange_.data.frame', 'arrange_.tbl_df', 'as.data.frame.grouped_df', 'as.data.frame.rowwise_df', 'as.data.frame.tbl_cube', 'as.table.tbl_cube', 'as.tbl.data.frame', 'as.tbl.tbl', 'as.tbl_cube.array', 'as.tbl_cube.data.frame', 'as.tbl_cube.matrix', 'as.tbl_cube.table', 'as_tibble.grouped_df', 'as_tibble.tbl_cube', 'auto_copy.tbl_cube', 'auto_copy.tbl_df', 'cbind.grouped_df', 'collapse.data.frame', 'collect.data.frame', 'common_by.NULL', 'common_by.character', 'common_by.default', 'common_by.list', 'compute.data.frame', 'copy_to.DBIConnection', 'copy_to.src_local', 'default_missing.data.frame', 'default_missing.default', 'dim.tbl_cube', 'distinct.data.frame', 'distinct.default', 'distinct.grouped_df', 'distinct.tbl_df', 'distinct_.data.frame', 'distinct_.grouped_df', 'distinct_.tbl_df', 'do.NULL', 'do.da [... truncated]
Flavor: r-oldrel-windows-ix86+x86_64