CRAN Package Check Results for Package FielDHub

Last updated on 2021-09-22 22:56:23 CEST.

Flavor Version Tinstall Tcheck Ttotal Status Flags
r-devel-linux-x86_64-debian-clang 0.1.0 23.07 169.05 192.12 OK
r-devel-linux-x86_64-debian-gcc 0.1.0 17.61 120.21 137.82 OK
r-devel-linux-x86_64-fedora-clang 0.1.0 230.13 NOTE
r-devel-linux-x86_64-fedora-gcc 0.1.0 217.04 NOTE
r-devel-windows-x86_64 0.1.0 27.00 133.00 160.00 OK
r-devel-windows-x86_64-gcc10-UCRT 0.1.0 ERROR
r-patched-linux-x86_64 0.1.0 22.11 157.86 179.97 OK
r-patched-solaris-x86 0.1.0 274.60 NOTE
r-release-linux-x86_64 0.1.0 19.93 157.63 177.56 OK
r-release-macos-arm64 0.1.0 NOTE
r-release-macos-x86_64 0.1.0 NOTE
r-release-windows-ix86+x86_64 0.1.0 46.00 180.00 226.00 OK
r-oldrel-macos-x86_64 0.1.0 NOTE
r-oldrel-windows-ix86+x86_64 0.1.0 26.00 128.00 154.00 OK

Check Details

Version: 0.1.0
Check: dependencies in R code
Result: NOTE
    Namespaces in Imports field not imported from:
     ‘attempt’ ‘glue’
     All declared Imports should be used.
Flavors: r-devel-linux-x86_64-fedora-clang, r-devel-linux-x86_64-fedora-gcc, r-patched-solaris-x86, r-release-macos-arm64, r-release-macos-x86_64, r-oldrel-macos-x86_64

Version: 0.1.0
Check: package dependencies
Result: ERROR
    Package required but not available: 'golem'
    
    Package suggested but not available for checking: 'spelling'
    
    See section 'The DESCRIPTION file' in the 'Writing R Extensions'
    manual.
Flavor: r-devel-windows-x86_64-gcc10-UCRT