CRAN Package Check Results for Package FinTS

Last updated on 2021-05-06 22:55:19 CEST.

Flavor Version Tinstall Tcheck Ttotal Status Flags
r-devel-linux-x86_64-debian-clang 0.4-6 3.96 52.44 56.40 OK
r-devel-linux-x86_64-debian-gcc 0.4-6 3.05 41.54 44.59 OK
r-devel-linux-x86_64-fedora-clang 0.4-6 79.12 OK
r-devel-linux-x86_64-fedora-gcc 0.4-6 68.12 OK
r-devel-windows-ix86+x86_64 0.4-6 16.00 82.00 98.00 OK
r-devel-windows-x86_64-gcc10-UCRT 0.4-6 OK
r-patched-linux-x86_64 0.4-6 4.66 51.56 56.22 OK
r-patched-solaris-x86 0.4-6 109.20 OK
r-release-linux-x86_64 0.4-6 3.55 51.67 55.22 OK
r-release-macos-x86_64 0.4-6 OK
r-release-windows-ix86+x86_64 0.4-6 15.00 62.00 77.00 OK
r-oldrel-macos-x86_64 0.4-6 OK
r-oldrel-windows-ix86+x86_64 0.4-6 19.00 5.00 24.00 ERROR

Check Details

Version: 0.4-6
Check: whether package can be installed
Result: ERROR
    Installation failed.
Flavor: r-oldrel-windows-ix86+x86_64