CRAN Package Check Results for Package FishResp

Last updated on 2024-03-01 22:53:37 CET.

Flavor Version Tinstall Tcheck Ttotal Status Flags
r-devel-linux-x86_64-debian-clang 1.1.1 16.54 108.82 125.36 OK
r-devel-linux-x86_64-debian-gcc 1.1.1 16.64 79.61 96.25 OK
r-devel-linux-x86_64-fedora-clang 1.1.1 167.93 NOTE
r-devel-linux-x86_64-fedora-gcc 1.1.1 148.80 OK
r-devel-windows-x86_64 1.1.1 17.00 93.00 110.00 NOTE
r-patched-linux-x86_64 1.1.1 24.67 103.57 128.24 OK
r-release-linux-x86_64 1.1.1 15.85 103.97 119.82 OK
r-release-macos-arm64 1.1.1 51.00 NOTE
r-release-macos-x86_64 1.1.1 81.00 NOTE
r-release-windows-x86_64 1.1.1 22.00 114.00 136.00 NOTE
r-oldrel-macos-arm64 1.1.1 48.00 NOTE
r-oldrel-windows-x86_64 1.1.1 23.00 106.00 129.00 NOTE

Check Details

Version: 1.1.1
Check: installed package size
Result: NOTE installed size is 5.5Mb sub-directories of 1Mb or more: data 1.3Mb extdata 3.8Mb Flavors: r-devel-linux-x86_64-fedora-clang, r-devel-windows-x86_64, r-release-macos-arm64, r-release-macos-x86_64, r-release-windows-x86_64, r-oldrel-macos-arm64, r-oldrel-windows-x86_64