Last updated on 2023-10-01 23:03:45 CEST.
Flavor | Version | Tinstall | Tcheck | Ttotal | Status | Flags |
---|---|---|---|---|---|---|
r-devel-linux-x86_64-debian-clang | 1.2 | 2747.67 | 464.49 | 3212.16 | NOTE | |
r-devel-linux-x86_64-debian-gcc | 1.3.0 | 3045.34 | 484.94 | 3530.28 | NOTE | |
r-devel-windows-x86_64 | 1.3.0 | 2183.00 | 532.00 | 2715.00 | NOTE | |
r-patched-linux-x86_64 | 1.2 | 2836.68 | 656.52 | 3493.20 | NOTE | |
r-release-linux-x86_64 | 1.3.0 | 3272.68 | 612.11 | 3884.79 | NOTE | |
r-release-macos-arm64 | 1.3.0 | 910.00 | NOTE | |||
r-release-macos-x86_64 | 1.3.0 | 984.00 | NOTE | |||
r-release-windows-x86_64 | 1.3.0 | 2577.00 | 664.00 | 3241.00 | NOTE | |
r-oldrel-macos-arm64 | 1.3.0 | 971.00 | NOTE | |||
r-oldrel-macos-x86_64 | 1.2 | 1458.00 | NOTE | |||
r-oldrel-windows-x86_64 | 1.2 | 2119.00 | 616.00 | 2735.00 | NOTE |
Version: 1.2
Check: for GNU extensions in Makefiles
Result: NOTE
GNU make is a SystemRequirements.
Flavors: r-devel-linux-x86_64-debian-clang, r-patched-linux-x86_64, r-oldrel-macos-x86_64, r-oldrel-windows-x86_64
Version: 1.3.0
Check: for GNU extensions in Makefiles
Result: NOTE
GNU make is a SystemRequirements.
Flavors: r-devel-linux-x86_64-debian-gcc, r-devel-windows-x86_64, r-release-linux-x86_64, r-release-macos-arm64, r-release-macos-x86_64, r-release-windows-x86_64, r-oldrel-macos-arm64
Version: 1.3.0
Check: installed package size
Result: NOTE
installed size is 23.7Mb
sub-directories of 1Mb or more:
libs 22.5Mb
Flavors: r-devel-windows-x86_64, r-release-macos-arm64, r-release-macos-x86_64, r-release-windows-x86_64, r-oldrel-macos-arm64
Version: 1.2
Check: installed package size
Result: NOTE
installed size is 256.2Mb
sub-directories of 1Mb or more:
libs 255.2Mb
Flavors: r-oldrel-macos-x86_64, r-oldrel-windows-x86_64