Last updated on 2024-03-28 23:01:44 CET.
Flavor | Version | Tinstall | Tcheck | Ttotal | Status | Flags |
---|---|---|---|---|---|---|
r-devel-linux-x86_64-debian-clang | 1.3.0 | 3935.00 | 341.54 | 4276.54 | NOTE | |
r-devel-linux-x86_64-debian-gcc | 1.3.0 | 3692.83 | 479.16 | 4171.99 | NOTE | |
r-devel-windows-x86_64 | 1.3.0 | 2773.00 | 514.00 | 3287.00 | NOTE | |
r-patched-linux-x86_64 | 1.3.0 | 3207.19 | 635.10 | 3842.29 | NOTE | |
r-release-linux-x86_64 | 1.3.0 | 0.01 | 2.39 | 2.40 | ERROR | |
r-release-macos-arm64 | 1.3.0 | 910.00 | NOTE | |||
r-release-macos-x86_64 | 1.3.0 | 984.00 | NOTE | |||
r-release-windows-x86_64 | 1.3.0 | 3800.00 | 651.00 | 4451.00 | NOTE | |
r-oldrel-macos-arm64 | 1.3.0 | 971.00 | NOTE | |||
r-oldrel-windows-x86_64 | 1.3.0 | 3069.00 | 551.00 | 3620.00 | NOTE |
Version: 1.3.0
Check: for GNU extensions in Makefiles
Result: NOTE
GNU make is a SystemRequirements.
Flavors: r-devel-linux-x86_64-debian-clang, r-devel-linux-x86_64-debian-gcc, r-devel-windows-x86_64, r-patched-linux-x86_64, r-release-macos-arm64, r-release-macos-x86_64, r-release-windows-x86_64, r-oldrel-macos-arm64, r-oldrel-windows-x86_64
Version: 1.3.0
Check: installed package size
Result: NOTE
installed size is 23.4Mb
sub-directories of 1Mb or more:
libs 22.3Mb
Flavors: r-devel-windows-x86_64, r-release-macos-arm64, r-release-macos-x86_64, r-release-windows-x86_64, r-oldrel-macos-arm64, r-oldrel-windows-x86_64
Version: 1.3.0
Check: whether package can be installed
Result: ERROR
Installation failed.
Flavor: r-release-linux-x86_64