CRAN Package Check Results for Package FlyingR

Last updated on 2021-07-30 22:57:26 CEST.

Flavor Version Tinstall Tcheck Ttotal Status Flags
r-devel-linux-x86_64-debian-clang 0.2.0 OK
r-devel-linux-x86_64-debian-gcc 0.2.0 25.81 50.29 76.10 OK
r-devel-linux-x86_64-fedora-clang 0.2.0 150.68 NOTE
r-devel-linux-x86_64-fedora-gcc 0.2.0 127.83 NOTE
r-devel-windows-x86_64 0.2.0 34.00 98.00 132.00 OK
r-devel-windows-x86_64-gcc10-UCRT 0.2.0 NOTE
r-patched-linux-x86_64 0.2.0 OK
r-patched-solaris-x86 0.2.0 145.10 NOTE
r-release-linux-x86_64 0.2.0 32.08 62.73 94.81 OK
r-release-macos-arm64 0.2.0 NOTE
r-release-macos-x86_64 0.2.0 NOTE
r-release-windows-ix86+x86_64 0.2.0 95.00 114.00 209.00 OK
r-oldrel-macos-x86_64 0.2.0 NOTE
r-oldrel-windows-ix86+x86_64 0.2.0 69.00 118.00 187.00 OK

Check Details

Version: 0.2.0
Check: dependencies in R code
Result: NOTE
    Namespaces in Imports field not imported from:
     ‘kableExtra’ ‘knitr’ ‘rmarkdown’
     All declared Imports should be used.
Flavors: r-devel-linux-x86_64-fedora-clang, r-devel-linux-x86_64-fedora-gcc, r-devel-windows-x86_64-gcc10-UCRT, r-patched-solaris-x86, r-release-macos-arm64, r-release-macos-x86_64, r-oldrel-macos-x86_64