CRAN Package Check Results for Package FourWayHMM

Last updated on 2022-07-06 21:53:40 CEST.

Flavor Version Tinstall Tcheck Ttotal Status Flags
r-devel-linux-x86_64-debian-clang 1.0.0 3.60 31.28 34.88 OK
r-devel-linux-x86_64-debian-gcc 1.0.0 2.59 23.40 25.99 OK
r-devel-linux-x86_64-fedora-clang 1.0.0 52.98 NOTE
r-devel-linux-x86_64-fedora-gcc 1.0.0 51.84 NOTE
r-devel-windows-x86_64 1.0.0 11.00 58.00 69.00 OK
r-patched-linux-x86_64 1.0.0 3.70 29.67 33.37 OK
r-release-linux-x86_64 1.0.0 3.59 29.68 33.27 OK
r-release-macos-arm64 1.0.0 19.00 NOTE
r-release-macos-x86_64 1.0.0 32.00 NOTE
r-release-windows-x86_64 1.0.0 7.00 60.00 67.00 OK
r-oldrel-macos-arm64 1.0.0 89.00 NOTE
r-oldrel-macos-x86_64 1.0.0 24.00 NOTE
r-oldrel-windows-ix86+x86_64 1.0.0 9.00 53.00 62.00 OK

Check Details

Version: 1.0.0
Check: dependencies in R code
Result: NOTE
    Namespace in Imports field not imported from: ‘LaplacesDemon’
     All declared Imports should be used.
Flavors: r-devel-linux-x86_64-fedora-clang, r-devel-linux-x86_64-fedora-gcc, r-release-macos-arm64, r-release-macos-x86_64, r-oldrel-macos-arm64, r-oldrel-macos-x86_64