Last updated on 2023-01-28 22:55:13 CET.
Flavor | Version | Tinstall | Tcheck | Ttotal | Status | Flags |
---|---|---|---|---|---|---|
r-devel-linux-x86_64-debian-clang | 2.5.2 | 53.13 | 59.05 | 112.18 | OK | |
r-devel-linux-x86_64-debian-gcc | 2.5.2 | 42.07 | 44.19 | 86.26 | NOTE | |
r-devel-linux-x86_64-fedora-clang | 2.5.2 | 168.45 | OK | |||
r-devel-linux-x86_64-fedora-gcc | 2.5.2 | 149.93 | NOTE | |||
r-devel-windows-x86_64 | 2.5.2 | 66.00 | 109.00 | 175.00 | OK | |
r-patched-linux-x86_64 | 2.5.2 | 41.94 | 57.55 | 99.49 | OK | |
r-release-linux-x86_64 | 2.5.2 | 42.04 | 53.01 | 95.05 | OK | |
r-release-macos-arm64 | 2.5.2 | 42.00 | OK | |||
r-release-macos-x86_64 | 2.5.2 | 60.00 | OK | |||
r-release-windows-x86_64 | 2.5.2 | 73.00 | 114.00 | 187.00 | OK | |
r-oldrel-macos-arm64 | 2.5.2 | 51.00 | OK | |||
r-oldrel-macos-x86_64 | 2.5.2 | 82.00 | OK | |||
r-oldrel-windows-ix86+x86_64 | 2.5.2 | 124.00 | 117.00 | 241.00 | OK |
Version: 2.5.2
Check: C++ specification
Result: NOTE
Specified C++11: please update to current default of C++17
Flavors: r-devel-linux-x86_64-debian-gcc, r-devel-linux-x86_64-fedora-gcc