CRAN Package Check Results for Package FusionLearn

Last updated on 2020-02-24 22:50:24 CET.

Flavor Version Tinstall Tcheck Ttotal Status Flags
r-devel-linux-x86_64-debian-clang 0.1.1 4.72 76.43 81.15 NOTE
r-devel-linux-x86_64-debian-gcc 0.1.1 3.15 55.43 58.58 NOTE
r-devel-linux-x86_64-fedora-clang 0.1.1 101.38 OK
r-devel-linux-x86_64-fedora-gcc 0.1.1 91.66 OK
r-devel-windows-ix86+x86_64 0.1.1 8.00 80.00 88.00 NOTE
r-devel-windows-ix86+x86_64-gcc8 0.1.1 12.00 104.00 116.00 NOTE
r-patched-linux-x86_64 0.1.1 3.95 68.83 72.78 OK
r-patched-solaris-x86 0.1.1 165.90 OK
r-release-linux-x86_64 0.1.1 3.17 69.05 72.22 OK
r-release-windows-ix86+x86_64 0.1.1 5.00 76.00 81.00 OK
r-release-osx-x86_64 0.1.1 OK
r-oldrel-windows-ix86+x86_64 0.1.1 10.00 79.00 89.00 OK
r-oldrel-osx-x86_64 0.1.1 OK

Check Details

Version: 0.1.1
Check: package vignettes
Result: NOTE
    Package vignette with placeholder title 'Vignette Title':
     'FusionLearn.Rmd'
Flavors: r-devel-linux-x86_64-debian-clang, r-devel-linux-x86_64-debian-gcc, r-devel-windows-ix86+x86_64, r-devel-windows-ix86+x86_64-gcc8