CRAN Package Check Results for Package FusionLearn

Last updated on 2019-09-17 22:48:07 CEST.

Flavor Version Tinstall Tcheck Ttotal Status Flags
r-devel-linux-x86_64-debian-clang 0.1.1 3.92 72.25 76.17 NOTE
r-devel-linux-x86_64-debian-gcc 0.1.1 3.38 53.99 57.37 NOTE
r-devel-linux-x86_64-fedora-clang 0.1.1 91.52 OK
r-devel-linux-x86_64-fedora-gcc 0.1.1 87.10 OK
r-devel-windows-ix86+x86_64 0.1.1 10.00 98.00 108.00 NOTE
r-patched-linux-x86_64 0.1.1 3.31 69.19 72.50 OK
r-patched-solaris-x86 0.1.1 165.00 OK
r-release-linux-x86_64 0.1.1 3.91 70.18 74.09 OK
r-release-windows-ix86+x86_64 0.1.1 8.00 69.00 77.00 OK
r-release-osx-x86_64 0.1.1 OK
r-oldrel-windows-ix86+x86_64 0.1.1 7.00 73.00 80.00 OK
r-oldrel-osx-x86_64 0.1.1 OK

Check Details

Version: 0.1.1
Check: package vignettes
Result: NOTE
    Package vignette with placeholder title 'Vignette Title':
     'FusionLearn.Rmd'
Flavors: r-devel-linux-x86_64-debian-clang, r-devel-linux-x86_64-debian-gcc, r-devel-windows-ix86+x86_64