CRAN Package Check Results for Package FusionLearn

Last updated on 2021-12-02 22:55:53 CET.

Flavor Version Tinstall Tcheck Ttotal Status Flags
r-devel-linux-x86_64-debian-clang 0.1.1 4.22 77.03 81.25 NOTE
r-devel-linux-x86_64-debian-gcc 0.1.1 2.62 57.01 59.63 NOTE
r-devel-linux-x86_64-fedora-clang 0.1.1 107.55 OK
r-devel-linux-x86_64-fedora-gcc 0.1.1 95.41 OK
r-devel-windows-x86_64-new-UL 0.1.1 9.00 120.00 129.00 NOTE
r-devel-windows-x86_64-new-TK 0.1.1 OK
r-devel-windows-x86_64-old 0.1.1 8.00 80.00 88.00 NOTE
r-patched-linux-x86_64 0.1.1 4.59 73.45 78.04 NOTE
r-patched-solaris-x86 0.1.1 79.70 OK
r-release-linux-x86_64 0.1.1 4.57 72.31 76.88 NOTE
r-release-macos-arm64 0.1.1 OK
r-release-macos-x86_64 0.1.1 OK
r-release-windows-ix86+x86_64 0.1.1 8.00 97.00 105.00 NOTE
r-oldrel-macos-x86_64 0.1.1 OK
r-oldrel-windows-ix86+x86_64 0.1.1 8.00 97.00 105.00 NOTE

Check Details

Version: 0.1.1
Check: package vignettes
Result: NOTE
    Package vignette with placeholder title 'Vignette Title':
     'FusionLearn.Rmd'
Flavors: r-devel-linux-x86_64-debian-clang, r-devel-linux-x86_64-debian-gcc, r-devel-windows-x86_64-new-UL, r-devel-windows-x86_64-old, r-patched-linux-x86_64, r-release-linux-x86_64, r-release-windows-ix86+x86_64, r-oldrel-windows-ix86+x86_64