CRAN Package Check Results for Package G2Sd

Last updated on 2021-07-30 22:57:26 CEST.

Flavor Version Tinstall Tcheck Ttotal Status Flags
r-devel-linux-x86_64-debian-clang 2.1.5 OK
r-devel-linux-x86_64-debian-gcc 2.1.5 9.77 83.22 92.99 OK
r-devel-linux-x86_64-fedora-clang 2.1.5 151.23 OK
r-devel-linux-x86_64-fedora-gcc 2.1.5 140.50 OK
r-devel-windows-x86_64 2.1.5 13.00 112.00 125.00 OK
r-devel-windows-x86_64-gcc10-UCRT 2.1.5 OK
r-patched-linux-x86_64 2.1.5 OK
r-patched-solaris-x86 2.1.5 161.70 OK
r-release-linux-x86_64 2.1.5 12.07 104.45 116.52 OK
r-release-macos-arm64 2.1.5 ERROR
r-release-macos-x86_64 2.1.5 OK
r-release-windows-ix86+x86_64 2.1.5 24.00 111.00 135.00 OK
r-oldrel-macos-x86_64 2.1.5 OK
r-oldrel-windows-ix86+x86_64 2.1.5 19.00 113.00 132.00 OK

Check Details

Version: 2.1.5
Check: whether package can be installed
Result: ERROR
    Installation failed.
Flavor: r-release-macos-arm64