CRAN Package Check Results for Package GADMTools

Last updated on 2019-09-17 22:48:07 CEST.

Flavor Version Tinstall Tcheck Ttotal Status Flags
r-devel-linux-x86_64-debian-clang 3.7-1 13.12 156.58 169.70 OK
r-devel-linux-x86_64-debian-gcc 3.7-1 10.84 120.22 131.06 OK
r-devel-linux-x86_64-fedora-clang 3.7-1 216.81 NOTE
r-devel-linux-x86_64-fedora-gcc 3.7-1 215.90 NOTE
r-devel-windows-ix86+x86_64 3.7-1 67.00 521.00 588.00 OK
r-patched-linux-x86_64 3.7-1 14.00 151.66 165.66 OK
r-patched-solaris-x86 3.7-1 289.20 NOTE
r-release-linux-x86_64 3.7-1 13.35 150.13 163.48 OK
r-release-windows-ix86+x86_64 3.7-1 26.00 368.00 394.00 OK
r-release-osx-x86_64 3.7-1 NOTE
r-oldrel-windows-ix86+x86_64 3.7-1 34.00 495.00 529.00 OK
r-oldrel-osx-x86_64 3.7-1 NOTE

Check Details

Version: 3.7-1
Check: data for non-ASCII characters
Result: NOTE
     Note: found 19 marked UTF-8 strings
Flavors: r-devel-linux-x86_64-fedora-clang, r-devel-linux-x86_64-fedora-gcc, r-patched-solaris-x86, r-release-osx-x86_64, r-oldrel-osx-x86_64