CRAN Package Check Results for Package GADMTools

Last updated on 2020-02-17 22:49:32 CET.

Flavor Version Tinstall Tcheck Ttotal Status Flags
r-devel-linux-x86_64-debian-clang 3.7-2 15.61 179.77 195.38 OK
r-devel-linux-x86_64-debian-gcc 3.7-2 13.87 134.51 148.38 OK
r-devel-linux-x86_64-fedora-clang 3.7-2 234.16 NOTE
r-devel-linux-x86_64-fedora-gcc 3.7-2 229.81 NOTE
r-devel-windows-ix86+x86_64 3.7-2 38.00 332.00 370.00 OK
r-devel-windows-ix86+x86_64-gcc8 3.7-2 60.00 455.00 515.00 OK
r-patched-linux-x86_64 3.7-2 13.97 157.16 171.13 OK
r-patched-solaris-x86 3.7-2 307.20 NOTE
r-release-linux-x86_64 3.7-2 13.30 155.90 169.20 OK
r-release-windows-ix86+x86_64 3.7-2 39.00 318.00 357.00 OK
r-release-osx-x86_64 3.7-2 NOTE
r-oldrel-windows-ix86+x86_64 3.7-2 21.00 323.00 344.00 OK
r-oldrel-osx-x86_64 3.7-2 NOTE

Check Details

Version: 3.7-2
Check: data for non-ASCII characters
Result: NOTE
     Note: found 19 marked UTF-8 strings
Flavors: r-devel-linux-x86_64-fedora-clang, r-devel-linux-x86_64-fedora-gcc, r-patched-solaris-x86, r-release-osx-x86_64, r-oldrel-osx-x86_64