CRAN Package Check Results for Package GAS

Last updated on 2020-02-22 22:47:46 CET.

Flavor Version Tinstall Tcheck Ttotal Status Flags
r-devel-linux-x86_64-debian-clang 0.3.0 407.82 82.68 490.50 OK
r-devel-linux-x86_64-debian-gcc 0.3.0 276.69 60.25 336.94 OK
r-devel-linux-x86_64-fedora-clang 0.3.0 706.20 NOTE
r-devel-linux-x86_64-fedora-gcc 0.3.0 665.33 OK
r-devel-windows-ix86+x86_64 0.3.0 740.00 150.00 890.00 NOTE
r-devel-windows-ix86+x86_64-gcc8 0.3.0 1118.00 192.00 1310.00 NOTE
r-patched-linux-x86_64 0.3.0 OK
r-patched-solaris-x86 0.3.0 587.80 OK
r-release-linux-x86_64 0.3.0 330.48 75.10 405.58 OK
r-release-windows-ix86+x86_64 0.3.0 728.00 153.00 881.00 NOTE
r-release-osx-x86_64 0.3.0 NOTE
r-oldrel-windows-ix86+x86_64 0.3.0 756.00 145.00 901.00 NOTE
r-oldrel-osx-x86_64 0.3.0 NOTE

Additional issues

LTO

Check Details

Version: 0.3.0
Check: installed package size
Result: NOTE
     installed size is 12.0Mb
     sub-directories of 1Mb or more:
     data 1.4Mb
     libs 9.6Mb
Flavors: r-devel-linux-x86_64-fedora-clang, r-devel-windows-ix86+x86_64, r-devel-windows-ix86+x86_64-gcc8, r-release-windows-ix86+x86_64, r-release-osx-x86_64, r-oldrel-windows-ix86+x86_64, r-oldrel-osx-x86_64