CRAN Package Check Results for Package GAS

Last updated on 2019-09-21 22:48:58 CEST.

Flavor Version Tinstall Tcheck Ttotal Status Flags
r-devel-linux-x86_64-debian-clang 0.3.0 355.84 74.57 430.41 OK
r-devel-linux-x86_64-debian-gcc 0.3.0 288.08 56.09 344.17 OK
r-devel-linux-x86_64-fedora-clang 0.3.0 688.44 NOTE
r-devel-linux-x86_64-fedora-gcc 0.3.0 640.13 OK
r-devel-windows-ix86+x86_64 0.3.0 852.00 172.00 1024.00 NOTE
r-patched-linux-x86_64 0.3.0 306.48 75.06 381.54 OK
r-patched-solaris-x86 0.3.0 576.00 OK
r-release-linux-x86_64 0.3.0 320.40 74.48 394.88 OK
r-release-windows-ix86+x86_64 0.3.0 629.00 137.00 766.00 NOTE
r-release-osx-x86_64 0.3.0 NOTE
r-oldrel-windows-ix86+x86_64 0.3.0 602.00 127.00 729.00 NOTE
r-oldrel-osx-x86_64 0.3.0 NOTE

Additional issues

LTO

Check Details

Version: 0.3.0
Check: installed package size
Result: NOTE
     installed size is 11.6Mb
     sub-directories of 1Mb or more:
     data 1.4Mb
     libs 9.3Mb
Flavors: r-devel-linux-x86_64-fedora-clang, r-devel-windows-ix86+x86_64, r-release-windows-ix86+x86_64, r-release-osx-x86_64, r-oldrel-windows-ix86+x86_64, r-oldrel-osx-x86_64