Last updated on 2023-11-27 23:11:37 CET.
Flavor | Version | Tinstall | Tcheck | Ttotal | Status | Flags |
---|---|---|---|---|---|---|
r-devel-linux-x86_64-debian-clang | 2.1.1 | 11.70 | 97.36 | 109.06 | NOTE | |
r-devel-linux-x86_64-debian-gcc | 2.1.1 | 8.92 | 85.15 | 94.07 | NOTE | |
r-devel-linux-x86_64-fedora-clang | 2.1.1 | 133.03 | OK | |||
r-devel-linux-x86_64-fedora-gcc | 2.1.1 | 130.69 | OK | |||
r-devel-windows-x86_64 | 2.1.1 | 11.00 | 93.00 | 104.00 | OK | |
r-patched-linux-x86_64 | 2.1.1 | 13.68 | 93.76 | 107.44 | OK | |
r-release-linux-x86_64 | 2.1.1 | 10.34 | 93.46 | 103.80 | OK | |
r-release-macos-arm64 | 2.1.1 | 42.00 | OK | |||
r-release-macos-x86_64 | 2.1.1 | 69.00 | OK | |||
r-release-windows-x86_64 | 2.1.1 | 13.00 | 109.00 | 122.00 | OK | |
r-oldrel-macos-arm64 | 2.1.1 | 31.00 | OK | |||
r-oldrel-macos-x86_64 | 2.1.1 | 54.00 | OK | |||
r-oldrel-windows-x86_64 | 2.1.1 | 15.00 | 109.00 | 124.00 | OK |
Version: 2.1.1
Check: Rd files
Result: NOTE
checkRd: (-1) CompoundDensPlot.Rd:18: Lost braces
18 | \item{shape1, scale ,shape2, shape3}{numeric; positive parameters of the GB2 distribution. On the plot they are denotes as \code{a}, code{b}, \code{p}, \code{q} and \code{pl0} respectively.}
| ^
checkRd: (-1) CompoundVarest.Rd:58: Lost braces
58 | \code{scoreU.cgb2} returns a \eqn{N \times (L-1)} matrix of scores <code{U}.
| ^
checkRd: (-1) Fisk.Rd:26: Lost braces
26 | \value{\code{fisk} and \code{fiskh} return vectors of length 4 containing the estimated parameters \eqn{a}, eqn{b}, as well as \eqn{p=1} and \eqn{q=1}.
| ^
checkRd: (-1) MLfullGB2.Rd:23: Lost braces
23 | \item{method}{numeric; the method to be used by \code{optim}. By default, code{method = }1 and the used method is BFGS. If \code{method = }2, method L-BFGS-B is used.}
| ^
checkRd: (-1) MLprofGB2.Rd:16: Lost braces
16 | \item{method}{numeric; the method to be used by \code{optim}. By default, code{method = }1 and the used method is BFGS. If \code{method = }2, method L-BFGS-B is used.}
| ^
Flavors: r-devel-linux-x86_64-debian-clang, r-devel-linux-x86_64-debian-gcc