CRAN Package Check Results for Package GCPBayes

Last updated on 2022-08-08 22:55:46 CEST.

Flavor Version Tinstall Tcheck Ttotal Status Flags
r-devel-linux-x86_64-debian-clang 3.1.0 4.58 58.82 63.40 OK
r-devel-linux-x86_64-debian-gcc 3.1.0 3.36 43.21 46.57 OK
r-devel-linux-x86_64-fedora-clang 3.1.0 87.48 NOTE
r-devel-linux-x86_64-fedora-gcc 3.1.0 87.79 NOTE
r-devel-windows-x86_64 3.1.0 14.00 81.00 95.00 OK
r-patched-linux-x86_64 3.1.0 4.43 56.13 60.56 OK
r-release-linux-x86_64 3.1.0 OK
r-release-macos-arm64 3.1.0 26.00 NOTE
r-release-macos-x86_64 3.1.0 43.00 NOTE
r-release-windows-x86_64 3.1.0 20.00 85.00 105.00 OK
r-oldrel-macos-arm64 3.1.0 28.00 NOTE
r-oldrel-macos-x86_64 3.1.0 36.00 NOTE
r-oldrel-windows-ix86+x86_64 3.1.0 13.00 77.00 90.00 OK

Check Details

Version: 3.1.0
Check: dependencies in R code
Result: NOTE
    Namespaces in Imports field not imported from:
     ‘Rcpp’ ‘arm’ ‘usethis’
     All declared Imports should be used.
Flavors: r-devel-linux-x86_64-fedora-clang, r-devel-linux-x86_64-fedora-gcc, r-release-macos-arm64, r-release-macos-x86_64, r-oldrel-macos-arm64, r-oldrel-macos-x86_64