CRAN Package Check Results for Package GCPM

Last updated on 2023-09-23 23:00:46 CEST.

Flavor Version Tinstall Tcheck Ttotal Status Flags
r-devel-linux-x86_64-debian-clang 1.2.2 19.37 54.78 74.15 OK
r-devel-linux-x86_64-debian-gcc 1.2.2 15.05 47.76 62.81 OK
r-devel-linux-x86_64-fedora-clang 1.2.2 94.49 NOTE
r-devel-linux-x86_64-fedora-gcc 1.2.2 95.61 NOTE
r-devel-windows-x86_64 1.2.2 19.00 92.00 111.00 OK
r-patched-linux-x86_64 1.2.2 21.21 51.63 72.84 OK
r-release-linux-x86_64 1.2.2 18.85 53.85 72.70 OK
r-release-macos-arm64 1.2.2 35.00 OK
r-release-macos-x86_64 1.2.2 54.00 OK
r-release-windows-x86_64 1.2.2 18.00 102.00 120.00 OK
r-oldrel-macos-arm64 1.2.2 32.00 OK
r-oldrel-macos-x86_64 1.2.2 44.00 OK
r-oldrel-windows-x86_64 1.2.2 25.00 94.00 119.00 OK

Check Details

Version: 1.2.2
Check: compiled code
Result: NOTE
    File ‘GCPM/libs/GCPM.so’:
     Found no calls to: ‘R_registerRoutines’, ‘R_useDynamicSymbols’
    
    It is good practice to register native routines and to disable symbol
    search.
    
    See ‘Writing portable packages’ in the ‘Writing R Extensions’ manual.
Flavors: r-devel-linux-x86_64-fedora-clang, r-devel-linux-x86_64-fedora-gcc