CRAN Package Check Results for Package GENEAread

Last updated on 2021-09-18 23:49:53 CEST.

Flavor Version Tinstall Tcheck Ttotal Status Flags
r-devel-linux-x86_64-debian-clang 2.0.9 7.66 40.75 48.41 NOTE
r-devel-linux-x86_64-debian-gcc 2.0.9 4.67 31.08 35.75 NOTE
r-devel-linux-x86_64-fedora-clang 2.0.9 66.38 NOTE
r-devel-linux-x86_64-fedora-gcc 2.0.9 55.22 NOTE
r-devel-windows-x86_64 2.0.9 8.00 49.00 57.00 NOTE
r-devel-windows-x86_64-gcc10-UCRT 2.0.9 NOTE
r-patched-linux-x86_64 2.0.9 6.02 40.05 46.07 NOTE
r-patched-solaris-x86 2.0.9 73.70 NOTE
r-release-linux-x86_64 2.0.9 6.29 39.36 45.65 NOTE
r-release-macos-arm64 2.0.9 NOTE
r-release-macos-x86_64 2.0.9 NOTE
r-release-windows-ix86+x86_64 2.0.9 11.00 55.00 66.00 NOTE
r-oldrel-macos-x86_64 2.0.9 OK
r-oldrel-windows-ix86+x86_64 2.0.9 11.00 45.00 56.00 OK

Check Details

Version: 2.0.9
Check: LazyData
Result: NOTE
     'LazyData' is specified without a 'data' directory
Flavors: r-devel-linux-x86_64-debian-clang, r-devel-linux-x86_64-debian-gcc, r-devel-linux-x86_64-fedora-clang, r-devel-linux-x86_64-fedora-gcc, r-devel-windows-x86_64, r-devel-windows-x86_64-gcc10-UCRT, r-patched-linux-x86_64, r-patched-solaris-x86, r-release-linux-x86_64, r-release-macos-arm64, r-release-macos-x86_64, r-release-windows-ix86+x86_64