Last updated on 2022-07-04 22:59:12 CEST.
Flavor | Version | Tinstall | Tcheck | Ttotal | Status | Flags |
---|---|---|---|---|---|---|
r-devel-linux-x86_64-debian-clang | 2.1.2 | 16.28 | 409.84 | 426.12 | OK | |
r-devel-linux-x86_64-debian-gcc | 2.1.2 | 13.09 | 290.59 | 303.68 | OK | |
r-devel-linux-x86_64-fedora-clang | 2.1.2 | 473.83 | NOTE | |||
r-devel-linux-x86_64-fedora-gcc | 2.1.2 | 507.42 | OK | |||
r-devel-windows-x86_64 | 2.1.2 | 69.00 | 392.00 | 461.00 | OK | |
r-patched-linux-x86_64 | 2.1.2 | 19.39 | 376.00 | 395.39 | OK | |
r-release-linux-x86_64 | 2.1.2 | 16.14 | 374.59 | 390.73 | OK | |
r-release-macos-arm64 | 2.1.2 | 125.00 | OK | |||
r-release-macos-x86_64 | 2.1.2 | 246.00 | NOTE | |||
r-release-windows-x86_64 | 2.1.2 | 37.00 | 408.00 | 445.00 | OK | |
r-oldrel-macos-arm64 | 2.1.2 | 178.00 | OK | |||
r-oldrel-macos-x86_64 | 2.1.2 | 146.00 | OK | |||
r-oldrel-windows-ix86+x86_64 | 2.1.2 | 31.00 | 404.00 | 435.00 | OK |
Version: 2.1.2
Check: Rd cross-references
Result: NOTE
Undeclared packages ‘glue’, ‘magrittr’ in Rd xrefs
Flavor: r-devel-linux-x86_64-fedora-clang
Version: 2.1.2
Check: package dependencies
Result: NOTE
Package suggested but not available for checking: ‘scagnostics’
Flavor: r-release-macos-x86_64