CRAN Package Check Results for Package GHap

Last updated on 2021-05-06 22:55:21 CEST.

Flavor Version Tinstall Tcheck Ttotal Status Flags
r-devel-linux-x86_64-debian-clang 2.0.0 12.92 102.26 115.18 OK
r-devel-linux-x86_64-debian-gcc 2.0.0 12.25 75.06 87.31 OK
r-devel-linux-x86_64-fedora-clang 2.0.0 155.37 NOTE
r-devel-linux-x86_64-fedora-gcc 2.0.0 137.99 NOTE
r-devel-windows-ix86+x86_64 2.0.0 21.00 123.00 144.00 OK
r-devel-windows-x86_64-gcc10-UCRT 2.0.0 NOTE
r-patched-linux-x86_64 2.0.0 16.19 98.82 115.01 OK
r-patched-solaris-x86 2.0.0 183.60 NOTE
r-release-linux-x86_64 2.0.0 11.53 93.39 104.92 OK
r-release-macos-x86_64 2.0.0 NOTE
r-release-windows-ix86+x86_64 2.0.0 20.00 93.00 113.00 OK
r-oldrel-macos-x86_64 2.0.0 NOTE
r-oldrel-windows-ix86+x86_64 2.0.0 26.00 11.00 37.00 ERROR

Check Details

Version: 2.0.0
Check: dependencies in R code
Result: NOTE
    Namespace in Imports field not imported from: ‘class’
     All declared Imports should be used.
Flavors: r-devel-linux-x86_64-fedora-clang, r-devel-linux-x86_64-fedora-gcc, r-devel-windows-x86_64-gcc10-UCRT, r-patched-solaris-x86, r-release-macos-x86_64, r-oldrel-macos-x86_64

Version: 2.0.0
Check: whether package can be installed
Result: ERROR
    Installation failed.
Flavor: r-oldrel-windows-ix86+x86_64