CRAN Package Check Results for Package GLMMadaptive

Last updated on 2019-09-18 22:52:38 CEST.

Flavor Version Tinstall Tcheck Ttotal Status Flags
r-devel-linux-x86_64-debian-clang 0.6-0 9.15 203.33 212.48 OK
r-devel-linux-x86_64-debian-gcc 0.6-0 7.36 145.30 152.66 OK
r-devel-linux-x86_64-fedora-clang 0.6-0 270.98 OK
r-devel-linux-x86_64-fedora-gcc 0.6-0 237.93 OK
r-devel-windows-ix86+x86_64 0.6-0 29.00 311.00 340.00 OK
r-patched-linux-x86_64 0.6-0 9.10 191.40 200.50 OK
r-patched-solaris-x86 0.6-0 449.00 OK
r-release-linux-x86_64 0.6-0 8.60 194.85 203.45 OK
r-release-windows-ix86+x86_64 0.6-0 24.00 228.00 252.00 OK
r-release-osx-x86_64 0.6-0 OK
r-oldrel-windows-ix86+x86_64 0.6-0 9.00 231.00 240.00 WARN
r-oldrel-osx-x86_64 0.6-0 OK

Check Details

Version: 0.6-0
Check: whether package can be installed
Result: WARN
    Found the following significant warnings:
     Warning: S3 methods 'print.sparseSummary', 'print.diagSummary', 'c.abIndex', 'c.sparseVector', 'as.array.Matrix', 'as.array.sparseVector', 'as.matrix.Matrix', 'as.matrix.sparseVector', 'as.vector.Matrix', 'as.vector.sparseVector' were declared in NAMESPACE but not found
Flavor: r-oldrel-windows-ix86+x86_64